CRAN Package Check Results for Package SmartEDA

Last updated on 2021-10-16 04:57:44 CEST.

Flavor Version Tinstall Tcheck Ttotal Status Flags
r-devel-linux-x86_64-debian-clang 0.3.8 9.03 155.07 164.10 OK
r-devel-linux-x86_64-debian-gcc 0.3.8 7.63 108.65 116.28 OK
r-devel-linux-x86_64-fedora-clang 0.3.8 192.59 NOTE
r-devel-linux-x86_64-fedora-gcc 0.3.8 177.36 NOTE
r-devel-windows-x86_64 0.3.8 16.00 134.00 150.00 OK
r-devel-windows-x86_64-gcc10-UCRT 0.3.8 NOTE
r-patched-linux-x86_64 0.3.8 8.87 141.05 149.92 OK
r-patched-solaris-x86 0.3.8 158.80 NOTE
r-release-linux-x86_64 0.3.8 6.67 142.64 149.31 OK
r-release-macos-arm64 0.3.8 NOTE
r-release-macos-x86_64 0.3.8 NOTE
r-release-windows-ix86+x86_64 0.3.8 21.00 196.00 217.00 OK
r-oldrel-macos-x86_64 0.3.8 NOTE
r-oldrel-windows-ix86+x86_64 0.3.8 21.00 199.00 220.00 OK

Check Details

Version: 0.3.8
Check: dependencies in R code
Result: NOTE
    Namespace in Imports field not imported from: ‘qpdf’
     All declared Imports should be used.
Flavors: r-devel-linux-x86_64-fedora-clang, r-devel-linux-x86_64-fedora-gcc, r-devel-windows-x86_64-gcc10-UCRT, r-patched-solaris-x86, r-release-macos-arm64, r-release-macos-x86_64, r-oldrel-macos-x86_64

Version: 0.3.8
Check: Rd cross-references
Result: NOTE
    Undeclared packages ‘InformationValue’, ‘ggthemes’ in Rd xrefs
Flavor: r-devel-linux-x86_64-fedora-clang