CRAN Package Check Results for Package SkeweDF

Last updated on 2022-01-23 00:57:26 CET.

Flavor Version Tinstall Tcheck Ttotal Status Flags
r-devel-linux-x86_64-debian-clang 0.1.0 34.73 62.87 97.60 NOTE
r-devel-linux-x86_64-debian-gcc 0.1.0 22.84 47.20 70.04 NOTE
r-devel-linux-x86_64-fedora-clang 0.1.0 137.75 NOTE
r-devel-linux-x86_64-fedora-gcc 0.1.0 110.83 NOTE
r-devel-windows-x86_64-new-UL 0.1.0 60.00 102.00 162.00 NOTE
r-devel-windows-x86_64-new-TK 0.1.0 NOTE
r-patched-linux-x86_64 0.1.0 29.03 59.97 89.00 NOTE
r-release-linux-x86_64 0.1.0 29.78 59.02 88.80 NOTE
r-release-macos-arm64 0.1.0 NOTE
r-release-macos-x86_64 0.1.0 NOTE
r-release-windows-ix86+x86_64 0.1.0 89.00 103.00 192.00 NOTE
r-oldrel-macos-x86_64 0.1.0 OK
r-oldrel-windows-ix86+x86_64 0.1.0 86.00 111.00 197.00 OK

Check Details

Version: 0.1.0
Check: LazyData
Result: NOTE
     'LazyData' is specified without a 'data' directory
Flavors: r-devel-linux-x86_64-debian-clang, r-devel-linux-x86_64-debian-gcc, r-devel-linux-x86_64-fedora-clang, r-devel-linux-x86_64-fedora-gcc, r-devel-windows-x86_64-new-UL, r-devel-windows-x86_64-new-TK, r-patched-linux-x86_64, r-release-linux-x86_64, r-release-macos-arm64, r-release-macos-x86_64, r-release-windows-ix86+x86_64