CRAN Package Check Results for Package SimplyAgree

Last updated on 2021-07-30 07:50:29 CEST.

Flavor Version Tinstall Tcheck Ttotal Status Flags
r-devel-linux-x86_64-debian-clang 0.0.2 OK
r-devel-linux-x86_64-debian-gcc 0.0.2 16.06 212.61 228.67 OK
r-devel-linux-x86_64-fedora-clang 0.0.2 357.36 OK
r-devel-linux-x86_64-fedora-gcc 0.0.2 357.12 OK
r-devel-windows-x86_64 0.0.2 52.00 331.00 383.00 OK
r-devel-windows-x86_64-gcc10-UCRT 0.0.2 OK
r-patched-linux-x86_64 0.0.2 OK
r-patched-solaris-x86 0.0.2 497.10 OK
r-release-linux-x86_64 0.0.2 19.97 267.95 287.92 OK
r-release-macos-arm64 0.0.2 WARN
r-release-macos-x86_64 0.0.2 OK
r-release-windows-ix86+x86_64 0.0.2 46.00 318.00 364.00 OK
r-oldrel-macos-x86_64 0.0.2 OK
r-oldrel-windows-ix86+x86_64 0.0.2 46.00 322.00 368.00 OK

Check Details

Version: 0.0.2
Check: re-building of vignette outputs
Result: WARN
    Error(s) in re-building vignettes:
    --- re-building ‘intro_vignette.Rmd’ using rmarkdown
    Warning in engine$weave(file, quiet = quiet, encoding = enc) :
     Pandoc (>= 1.12.3) not available. Falling back to R Markdown v1.
    Quitting from lines 57-60 (intro_vignette.Rmd)
    Error: processing vignette 'intro_vignette.Rmd' failed with diagnostics:
    polygon edge not found
    --- failed re-building ‘intro_vignette.Rmd’
    
    --- re-building ‘reanalysis.Rmd’ using rmarkdown
    Warning in engine$weave(file, quiet = quiet, encoding = enc) :
     Pandoc (>= 1.12.3) not available. Falling back to R Markdown v1.
    ── Attaching packages ─────────────────────────────────────── tidyverse 1.3.1 ──
    ✔ ggplot2 3.3.5 ✔ purrr 0.3.4
    ✔ tibble 3.1.3 ✔ dplyr 1.0.7
    ✔ tidyr 1.1.3 ✔ stringr 1.4.0
    ✔ readr 2.0.0 ✔ forcats 0.5.1
    ── Conflicts ────────────────────────────────────────── tidyverse_conflicts() ──
    ✖ dplyr::filter() masks stats::filter()
    ✖ dplyr::lag() masks stats::lag()
    Quitting from lines 42-43 (reanalysis.Rmd)
    Error: processing vignette 'reanalysis.Rmd' failed with diagnostics:
    polygon edge not found
    --- failed re-building ‘reanalysis.Rmd’
    
    SUMMARY: processing the following files failed:
     ‘intro_vignette.Rmd’ ‘reanalysis.Rmd’
    
    Error: Vignette re-building failed.
    Execution halted
Flavor: r-release-macos-arm64