CRAN Package Check Results for Package SimSurvNMarker

Last updated on 2021-05-18 21:54:19 CEST.

Flavor Version Tinstall Tcheck Ttotal Status Flags
r-devel-linux-x86_64-debian-clang 0.1.1 65.53 37.61 103.14 NOTE
r-devel-linux-x86_64-debian-gcc 0.1.1 41.61 29.24 70.85 NOTE
r-devel-linux-x86_64-fedora-clang 0.1.1 156.03 NOTE
r-devel-linux-x86_64-fedora-gcc 0.1.1 128.55 NOTE
r-devel-windows-ix86+x86_64 0.1.1 116.00 68.00 184.00 NOTE
r-devel-windows-x86_64-gcc10-UCRT 0.1.1 NOTE
r-patched-linux-x86_64 0.1.1 49.04 36.31 85.35 NOTE
r-patched-solaris-x86 0.1.1 139.10 NOTE
r-release-linux-x86_64 0.1.1 48.62 36.32 84.94 OK
r-release-macos-x86_64 0.1.1 OK
r-release-windows-ix86+x86_64 0.1.1 120.00 76.00 196.00 OK
r-oldrel-macos-x86_64 0.1.1 OK
r-oldrel-windows-ix86+x86_64 0.1.1 98.00 86.00 184.00 OK

Check Details

Version: 0.1.1
Check: LazyData
Result: NOTE
     'LazyData' is specified without a 'data' directory
Flavors: r-devel-linux-x86_64-debian-clang, r-devel-linux-x86_64-debian-gcc, r-devel-linux-x86_64-fedora-clang, r-devel-linux-x86_64-fedora-gcc, r-devel-windows-ix86+x86_64, r-devel-windows-x86_64-gcc10-UCRT, r-patched-linux-x86_64, r-patched-solaris-x86