CRAN Package Check Results for Package SigOptR

Last updated on 2022-06-30 05:58:04 CEST.

Flavor Version Tinstall Tcheck Ttotal Status Flags
r-devel-linux-x86_64-debian-clang 0.0.1 2.27 20.94 23.21 NOTE
r-devel-linux-x86_64-debian-gcc 0.0.1 1.78 16.56 18.34 NOTE
r-devel-linux-x86_64-fedora-clang 0.0.1 39.37 NOTE
r-devel-linux-x86_64-fedora-gcc 0.0.1 37.85 NOTE
r-devel-windows-x86_64 0.0.1 4.00 47.00 51.00 NOTE
r-patched-linux-x86_64 0.0.1 2.46 20.43 22.89 NOTE
r-release-linux-x86_64 0.0.1 2.09 20.47 22.56 NOTE
r-release-macos-arm64 0.0.1 14.00 NOTE
r-release-macos-x86_64 0.0.1 20.00 NOTE
r-release-windows-x86_64 0.0.1 10.00 46.00 56.00 NOTE
r-oldrel-macos-arm64 0.0.1 16.00 NOTE
r-oldrel-macos-x86_64 0.0.1 24.00 NOTE
r-oldrel-windows-ix86+x86_64 0.0.1 5.00 41.00 46.00 NOTE

Check Details

Version: 0.0.1
Check: LazyData
Result: NOTE
     'LazyData' is specified without a 'data' directory
Flavors: r-devel-linux-x86_64-debian-clang, r-devel-linux-x86_64-debian-gcc, r-devel-linux-x86_64-fedora-clang, r-devel-linux-x86_64-fedora-gcc, r-devel-windows-x86_64, r-patched-linux-x86_64, r-release-linux-x86_64, r-release-macos-arm64, r-release-macos-x86_64, r-release-windows-x86_64, r-oldrel-macos-arm64, r-oldrel-macos-x86_64, r-oldrel-windows-ix86+x86_64