CRAN Package Check Results for Package ShinyItemAnalysis

Last updated on 2021-10-26 05:13:41 CEST.

Flavor Version Tinstall Tcheck Ttotal Status Flags
r-devel-linux-x86_64-debian-clang 1.4.0 17.22 156.38 173.60 OK
r-devel-linux-x86_64-debian-gcc 1.4.0 15.36 115.68 131.04 OK
r-devel-linux-x86_64-fedora-clang 1.4.0 219.83 NOTE
r-devel-linux-x86_64-fedora-gcc 1.4.0 205.41 OK
r-devel-windows-x86_64 1.4.0 30.00 192.00 222.00 OK
r-devel-windows-x86_64-gcc10-UCRT 1.4.0 OK
r-patched-linux-x86_64 1.4.0 25.78 147.11 172.89 OK
r-patched-solaris-x86 1.4.0 287.00 OK
r-release-linux-x86_64 1.4.0 16.40 146.91 163.31 OK
r-release-macos-arm64 1.4.0 OK
r-release-macos-x86_64 1.4.0 OK
r-release-windows-ix86+x86_64 1.4.0 28.00 179.00 207.00 OK
r-oldrel-macos-x86_64 1.4.0 OK
r-oldrel-windows-ix86+x86_64 1.4.0 42.00 202.00 244.00 OK

Check Details

Version: 1.4.0
Check: Rd cross-references
Result: NOTE
    Undeclared package ‘CTT’ in Rd xrefs
Flavor: r-devel-linux-x86_64-fedora-clang