CRAN Package Check Results for Package Seurat

Last updated on 2023-01-28 16:51:30 CET.

Flavor Version Tinstall Tcheck Ttotal Status Flags
r-devel-linux-x86_64-debian-clang 4.3.0 137.30 494.29 631.59 OK
r-devel-linux-x86_64-debian-gcc 4.3.0 111.26 353.95 465.21 NOTE
r-devel-linux-x86_64-fedora-clang 4.3.0 843.37 NOTE
r-devel-linux-x86_64-fedora-gcc 4.3.0 851.37 NOTE
r-devel-windows-x86_64 4.3.0 312.00 0.00 312.00 FAIL
r-patched-linux-x86_64 4.3.0 136.34 460.04 596.38 OK
r-release-linux-x86_64 4.3.0 121.78 469.29 591.07 OK
r-release-macos-arm64 4.3.0 201.00 NOTE
r-release-macos-x86_64 4.3.0 240.00 NOTE
r-release-windows-x86_64 4.3.0 267.00 723.00 990.00 OK
r-oldrel-macos-arm64 4.3.0 177.00 NOTE
r-oldrel-macos-x86_64 4.3.0 237.00 NOTE
r-oldrel-windows-ix86+x86_64 4.3.0 307.00 805.00 1112.00 OK

Check Details

Version: 4.3.0
Check: C++ specification
Result: NOTE
     Specified C++11: please update to current default of C++17
Flavors: r-devel-linux-x86_64-debian-gcc, r-devel-linux-x86_64-fedora-clang, r-devel-linux-x86_64-fedora-gcc

Version: 4.3.0
Check: package dependencies
Result: NOTE
    Imports includes 42 non-default packages.
    Importing from so many packages makes the package vulnerable to any of
    them becoming unavailable. Move as many as possible to Suggests and
    use conditionally.
Flavor: r-devel-linux-x86_64-fedora-clang

Version: 4.3.0
Check: Rd cross-references
Result: NOTE
    Undeclared package ‘Signac’ in Rd xrefs
Flavor: r-devel-linux-x86_64-fedora-clang

Version: 4.3.0
Check: PDF version of manual
Result: FAIL
    Check process probably crashed or hung up for 20 minutes ... killed
    Most likely this happened in the example checks (?),
    if not, ignore the following last lines of example output:
    > ### Aliases: contrast-theory Intensity Luminance
    >
    > ### ** Examples
    >
    > Intensity(color = c('black', 'white', '#E76BF3'))
     black white #E76BF3
     0.00 255.00 159.58
    >
    > Luminance(color = c('black', 'white', '#E76BF3'))
     black white #E76BF3
    0.0000000 1.0000000 0.3397538
    >
    >
    >
    >
    > ### * <FOOTER>
    > ###
    > cleanEx()
    > options(digits = 7L)
    > base::cat("Time elapsed: ", proc.time() - base::get("ptime", pos = 'CheckExEnv'),"\n")
    Time elapsed: 93.66 1.8 95.83 NA NA
    > grDevices::dev.off()
    null device
     1
    > ###
    > ### Local variables: ***
    > ### mode: outline-minor ***
    > ### outline-regexp: "\\(> \\)?### [*]+" ***
    > ### End: ***
    > quit('no')
    ======== End of example output (where/before crash/hang up occured ?) ========
Flavor: r-devel-windows-x86_64

Version: 4.3.0
Check: package dependencies
Result: NOTE
    Package suggested but not available for checking: ‘monocle’
Flavors: r-release-macos-arm64, r-oldrel-macos-arm64

Version: 4.3.0
Check: installed package size
Result: NOTE
     installed size is 10.6Mb
     sub-directories of 1Mb or more:
     R 2.0Mb
     libs 7.8Mb
Flavors: r-release-macos-arm64, r-release-macos-x86_64, r-oldrel-macos-arm64, r-oldrel-macos-x86_64