CRAN Package Check Results for Package SeqFeatR

Last updated on 2021-10-22 16:50:50 CEST.

Flavor Version Tinstall Tcheck Ttotal Status Flags
r-devel-linux-x86_64-debian-clang 0.3.1 45.39 283.25 328.64 NOTE
r-devel-linux-x86_64-debian-gcc 0.3.1 33.46 214.63 248.09 NOTE
r-devel-linux-x86_64-fedora-clang 0.3.1 410.89 NOTE
r-devel-linux-x86_64-fedora-gcc 0.3.1 397.58 NOTE
r-devel-windows-x86_64 0.3.1 52.00 712.00 764.00 OK
r-devel-windows-x86_64-gcc10-UCRT 0.3.1 ERROR
r-patched-linux-x86_64 0.3.1 41.43 275.84 317.27 NOTE
r-patched-solaris-x86 0.3.1 605.80 NOTE
r-release-linux-x86_64 0.3.1 42.08 273.46 315.54 NOTE
r-release-macos-arm64 0.3.1 OK
r-release-macos-x86_64 0.3.1 ERROR
r-release-windows-ix86+x86_64 0.3.1 50.00 295.00 345.00 OK
r-oldrel-macos-x86_64 0.3.1 ERROR
r-oldrel-windows-ix86+x86_64 0.3.1 68.00 283.00 351.00 OK

Check Details

Version: 0.3.1
Check: for non-standard things in the check directory
Result: NOTE
    Found the following files/directories:
     'assocpointpair_result.csv' 'foundereffectfinder_result.csv'
     'getfreqs_result.csv' 'getfreqs_result.png' 'orPlot.pdf1_1.pdf'
     'orPlot.pdf2_1.pdf' 'orPlot.pdf3_1.pdf' 'orPlot.pdf4_1.pdf'
     'orPlot.pdf5_1.pdf' 'orPlot.pdf6_1.pdf' 'orPlot.pdf7_1.pdf'
     'orPlot.pdf8_1.pdf' 'q-values_result.csv' 'rewritetuple_result.csv'
     'tartan_plot.pdf' 'vispair_plot.pdf' 'vispairfeat_plot.pdf'
     'volcano_plot.pdf'
Flavors: r-devel-linux-x86_64-debian-clang, r-devel-linux-x86_64-debian-gcc, r-devel-linux-x86_64-fedora-clang, r-devel-linux-x86_64-fedora-gcc, r-patched-linux-x86_64, r-patched-solaris-x86, r-release-linux-x86_64

Version: 0.3.1
Check: package dependencies
Result: ERROR
    Package required but not available: 'phangorn'
    
    See section 'The DESCRIPTION file' in the 'Writing R Extensions'
    manual.
Flavor: r-devel-windows-x86_64-gcc10-UCRT

Version: 0.3.1
Check: package dependencies
Result: ERROR
    Package required but not available: ‘widgetTools’
    
    See section ‘The DESCRIPTION file’ in the ‘Writing R Extensions’
    manual.
Flavors: r-release-macos-x86_64, r-oldrel-macos-x86_64