CRAN Package Check Results for Package SemNetDictionaries

Last updated on 2021-12-09 11:51:43 CET.

Flavor Version Tinstall Tcheck Ttotal Status Flags
r-devel-linux-x86_64-debian-clang 0.1.9 5.05 42.47 47.52 OK
r-devel-linux-x86_64-debian-gcc 0.1.9 3.96 34.35 38.31 OK
r-devel-linux-x86_64-fedora-clang 0.1.9 59.88 NOTE
r-devel-linux-x86_64-fedora-gcc 0.1.9 49.09 NOTE
r-devel-windows-x86_64-new-UL 0.1.9 12.00 85.00 97.00 OK
r-devel-windows-x86_64-new-TK 0.1.9 NOTE
r-devel-windows-x86_64-old 0.1.9 8.00 56.00 64.00 OK
r-patched-linux-x86_64 0.1.9 5.13 41.67 46.80 OK
r-release-linux-x86_64 0.1.9 4.16 41.63 45.79 OK
r-release-macos-arm64 0.1.9 NOTE
r-release-macos-x86_64 0.1.9 NOTE
r-release-windows-ix86+x86_64 0.1.9 6.00 57.00 63.00 OK
r-oldrel-macos-x86_64 0.1.9 NOTE
r-oldrel-windows-ix86+x86_64 0.1.9 8.00 55.00 63.00 OK

Check Details

Version: 0.1.9
Check: dependencies in R code
Result: NOTE
    Namespace in Imports field not imported from: ‘knitr’
     All declared Imports should be used.
Flavors: r-devel-linux-x86_64-fedora-clang, r-devel-linux-x86_64-fedora-gcc, r-devel-windows-x86_64-new-TK, r-release-macos-arm64, r-release-macos-x86_64, r-oldrel-macos-x86_64

Version: 0.1.9
Check: Rd cross-references
Result: NOTE
    Undeclared package ‘SemNetCleaner’ in Rd xrefs
Flavor: r-devel-linux-x86_64-fedora-clang