CRAN Package Check Results for Package SelvarMix

Last updated on 2022-01-23 00:57:25 CET.

Flavor Version Tinstall Tcheck Ttotal Status Flags
r-devel-linux-x86_64-debian-clang 1.2.1 142.16 43.97 186.13 OK
r-devel-linux-x86_64-debian-gcc 1.2.1 106.07 34.33 140.40 OK
r-devel-linux-x86_64-fedora-clang 1.2.1 289.96 NOTE
r-devel-linux-x86_64-fedora-gcc 1.2.1 253.01 OK
r-devel-windows-x86_64-new-UL 1.2.1 117.00 86.00 203.00 OK
r-devel-windows-x86_64-new-TK 1.2.1 OK
r-patched-linux-x86_64 1.2.1 135.56 42.97 178.53 OK
r-release-linux-x86_64 1.2.1 124.50 42.83 167.33 OK
r-release-macos-arm64 1.2.1 NOTE
r-release-macos-x86_64 1.2.1 NOTE
r-release-windows-ix86+x86_64 1.2.1 369.00 82.00 451.00 OK
r-oldrel-macos-x86_64 1.2.1 NOTE
r-oldrel-windows-ix86+x86_64 1.2.1 362.00 82.00 444.00 OK

Check Details

Version: 1.2.1
Check: installed package size
Result: NOTE
     installed size is 5.3Mb
     sub-directories of 1Mb or more:
     libs 5.1Mb
Flavors: r-devel-linux-x86_64-fedora-clang, r-release-macos-arm64, r-release-macos-x86_64, r-oldrel-macos-x86_64