CRAN Package Check Results for Package SeerMapperWest

Last updated on 2021-09-20 16:50:59 CEST.

Flavor Version Tinstall Tcheck Ttotal Status Flags
r-devel-linux-x86_64-debian-clang 1.2.5 2.28 29.15 31.43 OK
r-devel-linux-x86_64-debian-gcc 1.2.5 1.78 22.72 24.50 OK
r-devel-linux-x86_64-fedora-clang 1.2.5 47.25 OK
r-devel-linux-x86_64-fedora-gcc 1.2.5 37.52 OK
r-devel-windows-x86_64 1.2.5 5.00 34.00 39.00 OK
r-devel-windows-x86_64-gcc10-UCRT 1.2.5 ERROR
r-patched-linux-x86_64 1.2.5 2.37 28.57 30.94 OK
r-patched-solaris-x86 1.2.5 59.00 OK
r-release-linux-x86_64 1.2.5 2.19 28.27 30.46 OK
r-release-macos-arm64 1.2.5 OK
r-release-macos-x86_64 1.2.5 OK
r-release-windows-ix86+x86_64 1.2.5 6.00 53.00 59.00 OK
r-oldrel-macos-x86_64 1.2.5 OK
r-oldrel-windows-ix86+x86_64 1.2.5 7.00 37.00 44.00 OK

Check Details

Version: 1.2.5
Check: whether package can be installed
Result: WARN
    Found the following significant warnings:
     WARNING: installation-time patches will not be applied, could not get the patches index
Flavor: r-devel-windows-x86_64-gcc10-UCRT

Version: 1.2.5
Check: PDF version of manual
Result: WARN
    LaTeX errors when creating PDF version.
    This typically indicates Rd problems.
Flavor: r-devel-windows-x86_64-gcc10-UCRT

Version: 1.2.5
Check: PDF version of manual without hyperrefs or index
Result: ERROR
    Re-running with no redirection of stdout/stderr.
Flavor: r-devel-windows-x86_64-gcc10-UCRT