CRAN Package Check Results for Package SeerMapperRegs

Last updated on 2021-09-20 16:50:59 CEST.

Flavor Version Tinstall Tcheck Ttotal Status Flags
r-devel-linux-x86_64-debian-clang 1.2.5 2.54 42.71 45.25 OK
r-devel-linux-x86_64-debian-gcc 1.2.5 1.81 32.27 34.08 OK
r-devel-linux-x86_64-fedora-clang 1.2.5 63.33 OK
r-devel-linux-x86_64-fedora-gcc 1.2.5 54.67 OK
r-devel-windows-x86_64 1.2.5 5.00 47.00 52.00 OK
r-devel-windows-x86_64-gcc10-UCRT 1.2.5 ERROR
r-patched-linux-x86_64 1.2.5 2.45 41.43 43.88 OK
r-patched-solaris-x86 1.2.5 78.20 OK
r-release-linux-x86_64 1.2.5 2.41 41.47 43.88 OK
r-release-macos-arm64 1.2.5 OK
r-release-macos-x86_64 1.2.5 OK
r-release-windows-ix86+x86_64 1.2.5 6.00 70.00 76.00 OK
r-oldrel-macos-x86_64 1.2.5 OK
r-oldrel-windows-ix86+x86_64 1.2.5 6.00 54.00 60.00 OK

Check Details

Version: 1.2.5
Check: whether package can be installed
Result: WARN
    Found the following significant warnings:
     WARNING: installation-time patches will not be applied, could not get the patches index
Flavor: r-devel-windows-x86_64-gcc10-UCRT

Version: 1.2.5
Check: PDF version of manual
Result: WARN
    LaTeX errors when creating PDF version.
    This typically indicates Rd problems.
Flavor: r-devel-windows-x86_64-gcc10-UCRT

Version: 1.2.5
Check: PDF version of manual without hyperrefs or index
Result: ERROR
    Re-running with no redirection of stdout/stderr.
Flavor: r-devel-windows-x86_64-gcc10-UCRT