CRAN Package Check Results for Package SeerMapper2010East

Last updated on 2021-09-20 16:50:59 CEST.

Flavor Version Tinstall Tcheck Ttotal Status Flags
r-devel-linux-x86_64-debian-clang 1.2.5 2.45 38.76 41.21 OK
r-devel-linux-x86_64-debian-gcc 1.2.5 1.78 29.18 30.96 OK
r-devel-linux-x86_64-fedora-clang 1.2.5 57.37 OK
r-devel-linux-x86_64-fedora-gcc 1.2.5 48.86 OK
r-devel-windows-x86_64 1.2.5 4.00 44.00 48.00 OK
r-devel-windows-x86_64-gcc10-UCRT 1.2.5 ERROR
r-patched-linux-x86_64 1.2.5 2.39 37.27 39.66 OK
r-patched-solaris-x86 1.2.5 72.60 OK
r-release-linux-x86_64 1.2.5 2.22 37.15 39.37 OK
r-release-macos-arm64 1.2.5 OK
r-release-macos-x86_64 1.2.5 OK
r-release-windows-ix86+x86_64 1.2.5 6.00 65.00 71.00 OK
r-oldrel-macos-x86_64 1.2.5 OK
r-oldrel-windows-ix86+x86_64 1.2.5 7.00 42.00 49.00 OK

Check Details

Version: 1.2.5
Check: whether package can be installed
Result: WARN
    Found the following significant warnings:
     WARNING: installation-time patches will not be applied, could not get the patches index
Flavor: r-devel-windows-x86_64-gcc10-UCRT

Version: 1.2.5
Check: PDF version of manual
Result: WARN
    LaTeX errors when creating PDF version.
    This typically indicates Rd problems.
Flavor: r-devel-windows-x86_64-gcc10-UCRT

Version: 1.2.5
Check: PDF version of manual without hyperrefs or index
Result: ERROR
    Re-running with no redirection of stdout/stderr.
Flavor: r-devel-windows-x86_64-gcc10-UCRT