CRAN Package Check Results for Package SecKW

Last updated on 2021-06-16 21:51:56 CEST.

Flavor Version Tinstall Tcheck Ttotal Status Flags
r-devel-linux-x86_64-debian-clang 0.2 1.87 22.33 24.20 NOTE
r-devel-linux-x86_64-debian-gcc 0.2 1.94 17.62 19.56 NOTE
r-devel-linux-x86_64-fedora-clang 0.2 40.34 NOTE
r-devel-linux-x86_64-fedora-gcc 0.2 29.73 NOTE
r-devel-windows-x86_64 0.2 5.00 34.00 39.00 NOTE
r-devel-windows-x86_64-gcc10-UCRT 0.2 NOTE
r-patched-linux-x86_64 0.2 2.37 21.59 23.96 NOTE
r-patched-solaris-x86 0.2 44.80 NOTE
r-release-linux-x86_64 0.2 2.15 21.67 23.82 NOTE
r-release-macos-arm64 0.2 NOTE
r-release-macos-x86_64 0.2 NOTE
r-release-windows-ix86+x86_64 0.2 5.00 28.00 33.00 NOTE
r-oldrel-macos-x86_64 0.2 OK
r-oldrel-windows-ix86+x86_64 0.2 5.00 40.00 45.00 OK

Check Details

Version: 0.2
Check: LazyData
Result: NOTE
     'LazyData' is specified without a 'data' directory
Flavors: r-devel-linux-x86_64-debian-clang, r-devel-linux-x86_64-debian-gcc, r-devel-linux-x86_64-fedora-clang, r-devel-linux-x86_64-fedora-gcc, r-devel-windows-x86_64, r-devel-windows-x86_64-gcc10-UCRT, r-patched-linux-x86_64, r-patched-solaris-x86, r-release-linux-x86_64, r-release-macos-arm64, r-release-macos-x86_64, r-release-windows-ix86+x86_64