Last updated on 2023-12-07 02:51:30 CET.
Flavor | Version | Tinstall | Tcheck | Ttotal | Status | Flags |
---|---|---|---|---|---|---|
r-devel-linux-x86_64-debian-clang | 0.1.8 | 20.33 | 45.69 | 66.02 | NOTE | |
r-devel-linux-x86_64-debian-gcc | 0.1.8 | 15.07 | 34.51 | 49.58 | NOTE | |
r-devel-linux-x86_64-fedora-clang | 0.1.8 | 93.39 | OK | |||
r-devel-linux-x86_64-fedora-gcc | 0.1.8 | 87.46 | OK | |||
r-devel-windows-x86_64 | 0.1.8 | 20.00 | 79.00 | 99.00 | OK | |
r-patched-linux-x86_64 | 0.1.8 | 18.33 | 45.30 | 63.63 | OK | |
r-release-linux-x86_64 | 0.1.8 | 15.86 | 45.51 | 61.37 | OK | |
r-release-macos-arm64 | 0.1.8 | 28.00 | OK | |||
r-release-macos-x86_64 | 0.1.8 | 62.00 | OK | |||
r-release-windows-x86_64 | 0.1.8 | 19.00 | 88.00 | 107.00 | OK | |
r-oldrel-macos-arm64 | 0.1.8 | 30.00 | OK | |||
r-oldrel-macos-x86_64 | 0.1.8 | 51.00 | OK | |||
r-oldrel-windows-x86_64 | 0.1.8 | 22.00 | 97.00 | 119.00 | OK |
Version: 0.1.8
Check: Rd files
Result: NOTE
checkRd: (-1) predict.DNFOptim.Rd:28: Lost braces in \itemize; \value handles \item{}{} directly
checkRd: (-1) predict.DNFOptim.Rd:29: Lost braces in \itemize; \value handles \item{}{} directly
checkRd: (-1) predict.DNFOptim.Rd:30: Lost braces in \itemize; \value handles \item{}{} directly
checkRd: (-1) predict.DNFOptim.Rd:34: Lost braces in \itemize; \value handles \item{}{} directly
checkRd: (-1) predict.DNFOptim.Rd:35: Lost braces in \itemize; \value handles \item{}{} directly
checkRd: (-1) predict.DNFOptim.Rd:36: Lost braces in \itemize; \value handles \item{}{} directly
checkRd: (-1) summary.DNFOptim.Rd:29: Lost braces in \itemize; \value handles \item{}{} directly
checkRd: (-1) summary.DNFOptim.Rd:30: Lost braces in \itemize; \value handles \item{}{} directly
checkRd: (-1) summary.DNFOptim.Rd:31: Lost braces in \itemize; \value handles \item{}{} directly
checkRd: (-1) summary.DNFOptim.Rd:32: Lost braces in \itemize; \value handles \item{}{} directly
Flavors: r-devel-linux-x86_64-debian-clang, r-devel-linux-x86_64-debian-gcc