CRAN Package Check Results for Package STRMPS

Last updated on 2021-07-25 07:50:20 CEST.

Flavor Version Tinstall Tcheck Ttotal Status Flags
r-devel-linux-x86_64-debian-clang 0.5.8 40.17 368.86 409.03 NOTE
r-devel-linux-x86_64-debian-gcc 0.5.8 35.58 275.91 311.49 NOTE
r-devel-linux-x86_64-fedora-clang 0.5.8 495.79 NOTE
r-devel-linux-x86_64-fedora-gcc 0.5.8 484.45 NOTE
r-devel-windows-x86_64 0.5.8 41.00 294.00 335.00 NOTE
r-devel-windows-x86_64-gcc10-UCRT 0.5.8 NOTE
r-patched-linux-x86_64 0.5.8 40.82 343.60 384.42 NOTE
r-patched-solaris-x86 0.5.8 670.40 NOTE
r-release-linux-x86_64 0.5.8 34.20 343.47 377.67 NOTE
r-release-macos-arm64 0.5.8 ERROR
r-release-macos-x86_64 0.5.8 NOTE
r-release-windows-ix86+x86_64 0.5.8 88.00 298.00 386.00 NOTE
r-oldrel-macos-x86_64 0.5.8 NOTE
r-oldrel-windows-ix86+x86_64 0.5.8 90.00 421.00 511.00 NOTE

Check Details

Version: 0.5.8
Check: package dependencies
Result: NOTE
    Package suggested but not available for checking: 'STRaitRazoR'
Flavors: r-devel-linux-x86_64-debian-clang, r-devel-linux-x86_64-debian-gcc, r-devel-linux-x86_64-fedora-clang, r-devel-linux-x86_64-fedora-gcc, r-devel-windows-x86_64, r-devel-windows-x86_64-gcc10-UCRT, r-patched-linux-x86_64, r-patched-solaris-x86, r-release-linux-x86_64, r-release-macos-x86_64, r-release-windows-ix86+x86_64, r-oldrel-macos-x86_64, r-oldrel-windows-ix86+x86_64

Version: 0.5.8
Check: package dependencies
Result: ERROR
    Package required but not available: ‘ShortRead’
    
    Package suggested but not available for checking: ‘STRaitRazoR’
    
    See section ‘The DESCRIPTION file’ in the ‘Writing R Extensions’
    manual.
Flavor: r-release-macos-arm64