CRAN Package Check Results for Package STMotif

Last updated on 2022-07-04 05:50:19 CEST.

Flavor Version Tinstall Tcheck Ttotal Status Flags
r-devel-linux-x86_64-debian-clang 2.0.1 6.77 70.12 76.89 OK
r-devel-linux-x86_64-debian-gcc 2.0.1 5.63 51.53 57.16 OK
r-devel-linux-x86_64-fedora-clang 2.0.1 98.66 NOTE
r-devel-linux-x86_64-fedora-gcc 2.0.1 97.10 NOTE
r-devel-windows-x86_64 2.0.1 19.00 92.00 111.00 OK
r-patched-linux-x86_64 2.0.1 5.91 65.09 71.00 OK
r-release-linux-x86_64 2.0.1 6.53 65.65 72.18 OK
r-release-macos-arm64 2.0.1 30.00 NOTE
r-release-macos-x86_64 2.0.1 57.00 NOTE
r-release-windows-x86_64 2.0.1 18.00 97.00 115.00 OK
r-oldrel-macos-arm64 2.0.1 36.00 NOTE
r-oldrel-macos-x86_64 2.0.1 55.00 NOTE
r-oldrel-windows-ix86+x86_64 2.0.1 18.00 99.00 117.00 OK

Check Details

Version: 2.0.1
Check: dependencies in R code
Result: NOTE
    Namespace in Imports field not imported from: ‘shiny’
     All declared Imports should be used.
Flavors: r-devel-linux-x86_64-fedora-clang, r-devel-linux-x86_64-fedora-gcc, r-release-macos-arm64, r-release-macos-x86_64, r-oldrel-macos-arm64, r-oldrel-macos-x86_64