CRAN Package Check Results for Package SSM

Last updated on 2022-01-23 00:57:26 CET.

Flavor Version Tinstall Tcheck Ttotal Status Flags
r-devel-linux-x86_64-debian-clang 1.0.1 3.88 48.07 51.95 NOTE
r-devel-linux-x86_64-debian-gcc 1.0.1 3.20 36.95 40.15 NOTE
r-devel-linux-x86_64-fedora-clang 1.0.1 65.11 NOTE
r-devel-linux-x86_64-fedora-gcc 1.0.1 52.97 NOTE
r-devel-windows-x86_64-new-UL 1.0.1 40.00 67.00 107.00 NOTE
r-devel-windows-x86_64-new-TK 1.0.1 NOTE
r-patched-linux-x86_64 1.0.1 4.27 46.44 50.71 NOTE
r-release-linux-x86_64 1.0.1 3.35 46.26 49.61 NOTE
r-release-macos-arm64 1.0.1 NOTE
r-release-macos-x86_64 1.0.1 NOTE
r-release-windows-ix86+x86_64 1.0.1 10.00 60.00 70.00 NOTE
r-oldrel-macos-x86_64 1.0.1 OK
r-oldrel-windows-ix86+x86_64 1.0.1 11.00 57.00 68.00 OK

Check Details

Version: 1.0.1
Check: LazyData
Result: NOTE
     'LazyData' is specified without a 'data' directory
Flavors: r-devel-linux-x86_64-debian-clang, r-devel-linux-x86_64-debian-gcc, r-devel-linux-x86_64-fedora-clang, r-devel-linux-x86_64-fedora-gcc, r-devel-windows-x86_64-new-UL, r-devel-windows-x86_64-new-TK, r-patched-linux-x86_64, r-release-linux-x86_64, r-release-macos-arm64, r-release-macos-x86_64, r-release-windows-ix86+x86_64