CRAN Package Check Results for Package SSHAARP

Last updated on 2021-08-02 07:52:08 CEST.

Flavor Version Tinstall Tcheck Ttotal Status Flags
r-devel-linux-x86_64-debian-clang 1.0.1 24.84 122.09 146.93 OK
r-devel-linux-x86_64-debian-gcc 1.0.1 21.01 95.66 116.67 OK
r-devel-linux-x86_64-fedora-clang 1.0.1 190.68 NOTE
r-devel-linux-x86_64-fedora-gcc 1.0.1 178.29 NOTE
r-devel-windows-x86_64 1.0.1 63.00 156.00 219.00 OK
r-devel-windows-x86_64-gcc10-UCRT 1.0.1 NOTE
r-patched-linux-x86_64 1.0.1 OK
r-patched-solaris-x86 1.0.1 293.60 NOTE
r-release-linux-x86_64 1.0.1 24.63 116.75 141.38 OK
r-release-macos-arm64 1.0.1 NOTE
r-release-macos-x86_64 1.0.1 NOTE
r-release-windows-ix86+x86_64 1.0.1 56.00 154.00 210.00 OK
r-oldrel-macos-x86_64 1.0.1 NOTE
r-oldrel-windows-ix86+x86_64 1.0.1 58.00 162.00 220.00 OK

Additional issues

donttest

Check Details

Version: 1.0.1
Check: dependencies in R code
Result: NOTE
    Namespace in Imports field not imported from: ‘sessioninfo’
     All declared Imports should be used.
Flavors: r-devel-linux-x86_64-fedora-clang, r-devel-linux-x86_64-fedora-gcc, r-devel-windows-x86_64-gcc10-UCRT, r-patched-solaris-x86, r-release-macos-arm64, r-release-macos-x86_64, r-oldrel-macos-x86_64