CRAN Package Check Results for Package SQB

Last updated on 2021-12-03 11:52:04 CET.

Flavor Version Tinstall Tcheck Ttotal Status Flags
r-devel-linux-x86_64-debian-clang 0.4 15.55 118.59 134.14 NOTE
r-devel-linux-x86_64-debian-gcc 0.4 12.73 88.52 101.25 NOTE
r-devel-linux-x86_64-fedora-clang 0.4 177.10 NOTE
r-devel-linux-x86_64-fedora-gcc 0.4 154.36 NOTE
r-devel-windows-x86_64-new-UL 0.4 25.00 164.00 189.00 NOTE
r-devel-windows-x86_64-new-TK 0.4 NOTE
r-devel-windows-x86_64-old 0.4 24.00 110.00 134.00 NOTE
r-patched-linux-x86_64 0.4 13.59 109.51 123.10 NOTE
r-patched-solaris-x86 0.4 218.90 NOTE
r-release-linux-x86_64 0.4 14.83 110.94 125.77 NOTE
r-release-macos-arm64 0.4 NOTE
r-release-macos-x86_64 0.4 NOTE
r-release-windows-ix86+x86_64 0.4 33.00 141.00 174.00 NOTE
r-oldrel-macos-x86_64 0.4 OK
r-oldrel-windows-ix86+x86_64 0.4 34.00 144.00 178.00 OK

Check Details

Version: 0.4
Check: LazyData
Result: NOTE
     'LazyData' is specified without a 'data' directory
Flavors: r-devel-linux-x86_64-debian-clang, r-devel-linux-x86_64-debian-gcc, r-devel-linux-x86_64-fedora-clang, r-devel-linux-x86_64-fedora-gcc, r-devel-windows-x86_64-new-UL, r-devel-windows-x86_64-new-TK, r-devel-windows-x86_64-old, r-patched-linux-x86_64, r-patched-solaris-x86, r-release-linux-x86_64, r-release-macos-arm64, r-release-macos-x86_64, r-release-windows-ix86+x86_64