CRAN Package Check Results for Package SPlit

Last updated on 2022-01-28 00:49:09 CET.

Flavor Version Tinstall Tcheck Ttotal Status Flags
r-devel-linux-x86_64-debian-clang 1.0 38.65 35.46 74.11 NOTE
r-devel-linux-x86_64-debian-gcc 1.0 29.48 27.68 57.16 NOTE
r-devel-linux-x86_64-fedora-clang 1.0 103.70 NOTE
r-devel-linux-x86_64-fedora-gcc 1.0 85.79 NOTE
r-devel-windows-x86_64-new-UL 1.0 37.00 74.00 111.00 NOTE
r-devel-windows-x86_64-new-TK 1.0 NOTE
r-patched-linux-x86_64 1.0 29.80 33.40 63.20 NOTE
r-release-linux-x86_64 1.0 33.46 34.60 68.06 NOTE
r-release-macos-arm64 1.0 NOTE
r-release-macos-x86_64 1.0 NOTE
r-release-windows-ix86+x86_64 1.0 93.00 68.00 161.00 NOTE
r-oldrel-macos-x86_64 1.0 OK
r-oldrel-windows-ix86+x86_64 1.0 94.00 70.00 164.00 OK

Check Details

Version: 1.0
Check: LazyData
Result: NOTE
     'LazyData' is specified without a 'data' directory
Flavors: r-devel-linux-x86_64-debian-clang, r-devel-linux-x86_64-debian-gcc, r-devel-linux-x86_64-fedora-clang, r-devel-linux-x86_64-fedora-gcc, r-devel-windows-x86_64-new-UL, r-devel-windows-x86_64-new-TK, r-patched-linux-x86_64, r-release-linux-x86_64, r-release-macos-arm64, r-release-macos-x86_64, r-release-windows-ix86+x86_64