CRAN Package Check Results for Package SPQR

Last updated on 2022-08-14 09:52:18 CEST.

Flavor Version Tinstall Tcheck Ttotal Status Flags
r-devel-linux-x86_64-debian-clang 0.1.0 45.24 81.60 126.84 OK
r-devel-linux-x86_64-debian-gcc 0.1.0 37.92 60.51 98.43 OK
r-devel-linux-x86_64-fedora-clang 0.1.0 176.33 NOTE
r-devel-linux-x86_64-fedora-gcc 0.1.0 166.59 NOTE
r-devel-windows-x86_64 0.1.0 45.00 119.00 164.00 OK
r-patched-linux-x86_64 0.1.0 41.72 74.48 116.20 OK
r-release-linux-x86_64 0.1.0 39.94 75.02 114.96 OK
r-release-macos-arm64 0.1.0 46.00 NOTE
r-release-macos-x86_64 0.1.0 64.00 NOTE
r-release-windows-x86_64 0.1.0 47.00 122.00 169.00 OK
r-oldrel-macos-arm64 0.1.0 45.00 NOTE
r-oldrel-macos-x86_64 0.1.0 58.00 NOTE
r-oldrel-windows-ix86+x86_64 0.1.0 110.00 142.00 252.00 OK

Additional issues

donttest

Check Details

Version: 0.1.0
Check: dependencies in R code
Result: NOTE
    Namespaces in Imports field not imported from:
     ‘Rcpp’ ‘progress’
     All declared Imports should be used.
Flavors: r-devel-linux-x86_64-fedora-clang, r-devel-linux-x86_64-fedora-gcc, r-release-macos-arm64, r-release-macos-x86_64, r-oldrel-macos-arm64, r-oldrel-macos-x86_64