CRAN Package Check Results for Package SPEDInstabR

Last updated on 2021-10-18 04:54:35 CEST.

Flavor Version Tinstall Tcheck Ttotal Status Flags
r-devel-linux-x86_64-debian-clang 1.8 2.98 34.69 37.67 OK
r-devel-linux-x86_64-debian-gcc 1.8 2.39 27.00 29.39 OK
r-devel-linux-x86_64-fedora-clang 1.8 55.54 NOTE
r-devel-linux-x86_64-fedora-gcc 1.8 38.49 NOTE
r-devel-windows-x86_64 1.8 5.00 53.00 58.00 OK
r-devel-windows-x86_64-gcc10-UCRT 1.8 NOTE
r-patched-linux-x86_64 1.8 3.27 33.70 36.97 OK
r-patched-solaris-x86 1.8 60.30 NOTE
r-release-linux-x86_64 1.8 2.44 33.92 36.36 OK
r-release-macos-arm64 1.8 NOTE
r-release-macos-x86_64 1.8 NOTE
r-release-windows-ix86+x86_64 1.8 6.00 52.00 58.00 OK
r-oldrel-macos-x86_64 1.8 NOTE
r-oldrel-windows-ix86+x86_64 1.8 7.00 62.00 69.00 OK

Check Details

Version: 1.8
Check: data for non-ASCII characters
Result: NOTE
     Note: found 5 marked Latin-1 strings
Flavors: r-devel-linux-x86_64-fedora-clang, r-devel-linux-x86_64-fedora-gcc, r-devel-windows-x86_64-gcc10-UCRT, r-patched-solaris-x86, r-release-macos-arm64, r-release-macos-x86_64, r-oldrel-macos-x86_64