CRAN Package Check Results for Package SOMEnv

Last updated on 2022-10-04 11:50:24 CEST.

Flavor Version Tinstall Tcheck Ttotal Status Flags
r-devel-linux-x86_64-debian-clang 1.1.2 15.73 127.96 143.69 OK
r-devel-linux-x86_64-debian-gcc 1.1.2 13.79 94.19 107.98 OK
r-devel-linux-x86_64-fedora-clang 1.1.2 187.82 NOTE
r-devel-linux-x86_64-fedora-gcc 1.1.2 183.76 NOTE
r-devel-windows-x86_64 1.1.2 27.00 141.00 168.00 OK
r-patched-linux-x86_64 1.1.2 14.47 114.18 128.65 OK
r-release-linux-x86_64 1.1.2 12.81 116.18 128.99 OK
r-release-macos-arm64 1.1.2 45.00 NOTE
r-release-macos-x86_64 1.1.2 82.00 NOTE
r-release-windows-x86_64 1.1.2 23.00 142.00 165.00 OK
r-oldrel-macos-arm64 1.1.2 43.00 NOTE
r-oldrel-macos-x86_64 1.1.2 59.00 NOTE
r-oldrel-windows-ix86+x86_64 1.1.2 34.00 147.00 181.00 OK

Check Details

Version: 1.1.2
Check: dependencies in R code
Result: NOTE
    Namespace in Imports field not imported from: ‘rlist’
     All declared Imports should be used.
Flavors: r-devel-linux-x86_64-fedora-clang, r-devel-linux-x86_64-fedora-gcc, r-release-macos-arm64, r-release-macos-x86_64, r-oldrel-macos-arm64, r-oldrel-macos-x86_64