Last updated on 2022-08-11 21:50:17 CEST.
Flavor | Version | Tinstall | Tcheck | Ttotal | Status | Flags |
---|---|---|---|---|---|---|
r-devel-linux-x86_64-debian-clang | 2.0-11 | 71.13 | 758.61 | 829.74 | OK | |
r-devel-linux-x86_64-debian-gcc | 2.0-11 | 60.41 | 554.45 | 614.86 | OK | |
r-devel-linux-x86_64-fedora-clang | 2.0-11 | 1062.27 | NOTE | |||
r-devel-linux-x86_64-fedora-gcc | 2.0-11 | 1039.54 | NOTE | |||
r-devel-windows-x86_64 | 2.0-11 | 98.00 | 729.00 | 827.00 | NOTE | |
r-patched-linux-x86_64 | 2.0-11 | 68.51 | 707.25 | 775.76 | OK | |
r-release-linux-x86_64 | 2.0-11 | 54.55 | 696.06 | 750.61 | OK | |
r-release-macos-arm64 | 2.0-11 | 297.00 | NOTE | |||
r-release-macos-x86_64 | 2.0-11 | 452.00 | NOTE | |||
r-release-windows-x86_64 | 2.0-11 | 104.00 | 767.00 | 871.00 | NOTE | |
r-oldrel-macos-arm64 | 2.0-11 | 168.00 | NOTE | |||
r-oldrel-macos-x86_64 | 2.0-11 | 347.00 | NOTE | |||
r-oldrel-windows-ix86+x86_64 | 2.0-11 | 142.00 | 756.00 | 898.00 | NOTE |
Version: 2.0-11
Check: package dependencies
Result: NOTE
Packages suggested but not available for checking:
'SNPlocs.Hsapiens.dbSNP144.GRCh38', 'MafDb.1Kgenomes.phase3.GRCh38'
Flavors: r-devel-linux-x86_64-fedora-clang, r-devel-linux-x86_64-fedora-gcc, r-oldrel-macos-arm64, r-oldrel-macos-x86_64
Version: 2.0-11
Check: dependencies in R code
Result: NOTE
Namespace in Imports field not imported from: ‘BiocStyle’
All declared Imports should be used.
Flavors: r-devel-linux-x86_64-fedora-clang, r-devel-linux-x86_64-fedora-gcc, r-release-macos-arm64, r-release-macos-x86_64, r-oldrel-macos-arm64, r-oldrel-macos-x86_64
Version: 2.0-11
Check: package dependencies
Result: NOTE
Package suggested but not available for checking: 'MafDb.1Kgenomes.phase3.GRCh38'
Flavors: r-devel-windows-x86_64, r-release-windows-x86_64, r-oldrel-windows-ix86+x86_64
Version: 2.0-11
Check: package dependencies
Result: NOTE
Packages suggested but not available for checking:
'SNPlocs.Hsapiens.dbSNP144.GRCh38', 'MafDb.1Kgenomes.phase3.GRCh38',
'BSgenome.Hsapiens.NCBI.GRCh38', 'GenomicScores'
Flavor: r-release-macos-arm64
Version: 2.0-11
Check: package dependencies
Result: NOTE
Packages suggested but not available for checking:
'SNPlocs.Hsapiens.dbSNP144.GRCh38', 'MafDb.1Kgenomes.phase3.GRCh38',
'BSgenome.Hsapiens.NCBI.GRCh38'
Flavor: r-release-macos-x86_64