CRAN Package Check Results for Package SMDIC

Last updated on 2021-06-13 21:48:27 CEST.

Flavor Version Tinstall Tcheck Ttotal Status Flags
r-devel-linux-x86_64-debian-clang 0.1.3 43.66 436.60 480.26 OK
r-devel-linux-x86_64-debian-gcc 0.1.3 38.98 332.85 371.83 OK
r-devel-linux-x86_64-fedora-clang 0.1.3 614.31 NOTE
r-devel-linux-x86_64-fedora-gcc 0.1.3 621.68 NOTE
r-devel-windows-x86_64 0.1.3 74.00 480.00 554.00 OK
r-devel-windows-x86_64-gcc10-UCRT 0.1.3 NOTE
r-patched-linux-x86_64 0.1.3 42.80 416.64 459.44 OK
r-patched-solaris-x86 0.1.3 862.60 NOTE
r-release-linux-x86_64 0.1.3 44.15 417.66 461.81 OK
r-release-macos-arm64 0.1.3 ERROR
r-release-macos-x86_64 0.1.3 ERROR
r-release-windows-ix86+x86_64 0.1.3 110.00 486.00 596.00 OK
r-oldrel-macos-x86_64 0.1.3 ERROR
r-oldrel-windows-ix86+x86_64 0.1.3 91.00 393.00 484.00 OK

Check Details

Version: 0.1.3
Check: dependencies in R code
Result: NOTE
    Namespace in Imports field not imported from: ‘quadprog’
     All declared Imports should be used.
Flavors: r-devel-linux-x86_64-fedora-clang, r-devel-linux-x86_64-fedora-gcc, r-devel-windows-x86_64-gcc10-UCRT, r-patched-solaris-x86

Version: 0.1.3
Check: installed package size
Result: NOTE
     installed size is 5.0Mb
     sub-directories of 1Mb or more:
     data 2.1Mb
     extdata 1.6Mb
Flavor: r-patched-solaris-x86

Version: 0.1.3
Check: package dependencies
Result: ERROR
    Packages required but not available: 'GSVA', 'maftools'
    
    See section ‘The DESCRIPTION file’ in the ‘Writing R Extensions’
    manual.
Flavor: r-release-macos-arm64

Version: 0.1.3
Check: package dependencies
Result: ERROR
    Package required but not available: ‘maftools’
    
    See section ‘The DESCRIPTION file’ in the ‘Writing R Extensions’
    manual.
Flavors: r-release-macos-x86_64, r-oldrel-macos-x86_64