CRAN Package Check Results for Package SITH

Last updated on 2022-07-01 17:54:19 CEST.

Flavor Version Tinstall Tcheck Ttotal Status Flags
r-devel-linux-x86_64-debian-clang 1.1.0 48.74 64.63 113.37 OK
r-devel-linux-x86_64-debian-gcc 1.1.0 35.30 50.62 85.92 OK
r-devel-linux-x86_64-fedora-clang 1.1.0 215.65 NOTE
r-devel-linux-x86_64-fedora-gcc 1.1.0 193.60 NOTE
r-devel-windows-x86_64 1.1.0 50.00 120.00 170.00 OK
r-patched-linux-x86_64 1.1.0 38.92 62.59 101.51 OK
r-release-linux-x86_64 1.1.0 40.13 64.17 104.30 OK
r-release-macos-arm64 1.1.0 43.00 OK
r-release-macos-x86_64 1.1.0 63.00 OK
r-release-windows-x86_64 1.1.0 46.00 123.00 169.00 OK
r-oldrel-macos-arm64 1.1.0 49.00 OK
r-oldrel-macos-x86_64 1.1.0 99.00 OK
r-oldrel-windows-ix86+x86_64 1.1.0 122.00 139.00 261.00 OK

Check Details

Version: 1.1.0
Check: for detritus in the temp directory
Result: NOTE
    Found the following files/directories:
     ‘Crashpad’
Flavors: r-devel-linux-x86_64-fedora-clang, r-devel-linux-x86_64-fedora-gcc