CRAN Package Check Results for Package SIPDIBGE

Last updated on 2021-09-20 04:58:40 CEST.

Flavor Version Tinstall Tcheck Ttotal Status Flags
r-devel-linux-x86_64-debian-clang 0.1.4 15.56 121.98 137.54 OK
r-devel-linux-x86_64-debian-gcc 0.1.4 12.99 91.88 104.87 OK
r-devel-linux-x86_64-fedora-clang 0.1.4 173.27 OK
r-devel-linux-x86_64-fedora-gcc 0.1.4 170.61 OK
r-devel-windows-x86_64 0.1.4 20.00 107.00 127.00 OK
r-devel-windows-x86_64-gcc10-UCRT 0.1.4 ERROR
r-patched-linux-x86_64 0.1.4 14.81 114.35 129.16 OK
r-patched-solaris-x86 0.1.4 236.40 OK
r-release-linux-x86_64 0.1.4 14.10 115.15 129.25 OK
r-release-macos-arm64 0.1.4 OK
r-release-macos-x86_64 0.1.4 OK
r-release-windows-ix86+x86_64 0.1.4 39.00 147.00 186.00 OK
r-oldrel-macos-x86_64 0.1.4 OK
r-oldrel-windows-ix86+x86_64 0.1.4 36.00 99.00 135.00 OK

Check Details

Version: 0.1.4
Check: whether package can be installed
Result: WARN
    Found the following significant warnings:
     WARNING: installation-time patches will not be applied, could not get the patches index
Flavor: r-devel-windows-x86_64-gcc10-UCRT

Version: 0.1.4
Check: PDF version of manual
Result: WARN
    LaTeX errors when creating PDF version.
    This typically indicates Rd problems.
Flavor: r-devel-windows-x86_64-gcc10-UCRT

Version: 0.1.4
Check: PDF version of manual without hyperrefs or index
Result: ERROR
    Re-running with no redirection of stdout/stderr.
Flavor: r-devel-windows-x86_64-gcc10-UCRT