CRAN Package Check Results for Package SEMgraph

Last updated on 2021-12-06 23:51:00 CET.

Flavor Version Tinstall Tcheck Ttotal Status Flags
r-devel-linux-x86_64-debian-clang 1.0.4 36.14 323.49 359.63 OK
r-devel-linux-x86_64-debian-gcc 1.0.4 29.39 243.17 272.56 OK
r-devel-linux-x86_64-fedora-clang 1.0.4 441.60 NOTE
r-devel-linux-x86_64-fedora-gcc 1.0.4 428.55 OK
r-devel-windows-x86_64-new-UL 1.0.4 64.00 371.00 435.00 OK
r-devel-windows-x86_64-new-TK 1.0.4 OK
r-devel-windows-x86_64-old 1.0.4 61.00 276.00 337.00 OK
r-patched-linux-x86_64 1.0.4 41.52 295.28 336.80 OK
r-release-linux-x86_64 1.0.4 33.08 305.26 338.34 OK
r-release-macos-arm64 1.0.4 NOTE
r-release-macos-x86_64 1.0.4 NOTE
r-release-windows-ix86+x86_64 1.0.4 86.00 369.00 455.00 OK
r-oldrel-macos-x86_64 1.0.4 NOTE
r-oldrel-windows-ix86+x86_64 1.0.4 76.00 334.00 410.00 OK

Check Details

Version: 1.0.4
Check: package dependencies
Result: NOTE
    Package suggested but not available for checking: ‘ROntoTools’
Flavors: r-devel-linux-x86_64-fedora-clang, r-release-macos-arm64, r-oldrel-macos-x86_64

Version: 1.0.4
Check: package dependencies
Result: NOTE
    Packages suggested but not available for checking:
     'ROntoTools', 'org.Hs.eg.db'
Flavor: r-release-macos-x86_64