CRAN Package Check Results for Package SELF

Last updated on 2021-09-21 16:51:50 CEST.

Flavor Version Tinstall Tcheck Ttotal Status Flags
r-devel-linux-x86_64-debian-clang 0.1.1 24.21 73.00 97.21 NOTE
r-devel-linux-x86_64-debian-gcc 0.1.1 16.72 53.97 70.69 NOTE
r-devel-linux-x86_64-fedora-clang 0.1.1 132.02 NOTE
r-devel-linux-x86_64-fedora-gcc 0.1.1 114.96 NOTE
r-devel-windows-x86_64 0.1.1 24.00 72.00 96.00 NOTE
r-devel-windows-x86_64-gcc10-UCRT 0.1.1 ERROR
r-patched-linux-x86_64 0.1.1 20.12 67.63 87.75 NOTE
r-patched-solaris-x86 0.1.1 171.00 NOTE
r-release-linux-x86_64 0.1.1 23.26 67.81 91.07 NOTE
r-release-macos-arm64 0.1.1 NOTE
r-release-macos-x86_64 0.1.1 NOTE
r-release-windows-ix86+x86_64 0.1.1 58.00 141.00 199.00 NOTE
r-oldrel-macos-x86_64 0.1.1 OK
r-oldrel-windows-ix86+x86_64 0.1.1 57.00 130.00 187.00 OK

Check Details

Version: 0.1.1
Check: LazyData
Result: NOTE
     'LazyData' is specified without a 'data' directory
Flavors: r-devel-linux-x86_64-debian-clang, r-devel-linux-x86_64-debian-gcc, r-devel-linux-x86_64-fedora-clang, r-devel-linux-x86_64-fedora-gcc, r-devel-windows-x86_64, r-patched-linux-x86_64, r-patched-solaris-x86, r-release-linux-x86_64, r-release-macos-arm64, r-release-macos-x86_64, r-release-windows-ix86+x86_64

Version: 0.1.1
Check: whether package can be installed
Result: ERROR
    Installation failed.
Flavor: r-devel-windows-x86_64-gcc10-UCRT