CRAN Package Check Results for Package SDaA

Last updated on 2021-09-21 04:55:35 CEST.

Flavor Version Tinstall Tcheck Ttotal Status Flags
r-devel-linux-x86_64-debian-clang 0.1-3 2.24 33.59 35.83 NOTE
r-devel-linux-x86_64-debian-gcc 0.1-3 1.95 26.43 28.38 NOTE
r-devel-linux-x86_64-fedora-clang 0.1-3 52.77 NOTE
r-devel-linux-x86_64-fedora-gcc 0.1-3 41.08 NOTE
r-devel-windows-x86_64 0.1-3 3.00 40.00 43.00 NOTE
r-devel-windows-x86_64-gcc10-UCRT 0.1-3 ERROR
r-patched-linux-x86_64 0.1-3 2.55 32.19 34.74 NOTE
r-patched-solaris-x86 0.1-3 68.80 NOTE
r-release-linux-x86_64 0.1-3 2.39 32.40 34.79 NOTE
r-release-macos-arm64 0.1-3 NOTE
r-release-macos-x86_64 0.1-3 NOTE
r-release-windows-ix86+x86_64 0.1-3 5.00 63.00 68.00 NOTE
r-oldrel-macos-x86_64 0.1-3 NOTE
r-oldrel-windows-ix86+x86_64 0.1-3 5.00 39.00 44.00 NOTE

Check Details

Version: 0.1-3
Check: R code for possible problems
Result: NOTE
    lahiri.design: no visible global function definition for 'runif'
    Undefined global functions or variables:
     runif
    Consider adding
     importFrom("stats", "runif")
    to your NAMESPACE file.
Flavors: r-devel-linux-x86_64-debian-clang, r-devel-linux-x86_64-debian-gcc, r-devel-linux-x86_64-fedora-clang, r-devel-linux-x86_64-fedora-gcc, r-devel-windows-x86_64, r-devel-windows-x86_64-gcc10-UCRT, r-patched-linux-x86_64, r-patched-solaris-x86, r-release-linux-x86_64, r-release-macos-arm64, r-release-macos-x86_64, r-release-windows-ix86+x86_64, r-oldrel-macos-x86_64, r-oldrel-windows-ix86+x86_64

Version: 0.1-3
Check: whether package can be installed
Result: WARN
    Found the following significant warnings:
     WARNING: installation-time patches will not be applied, could not get the patches index
Flavor: r-devel-windows-x86_64-gcc10-UCRT

Version: 0.1-3
Check: PDF version of manual
Result: WARN
    LaTeX errors when creating PDF version.
    This typically indicates Rd problems.
Flavor: r-devel-windows-x86_64-gcc10-UCRT

Version: 0.1-3
Check: PDF version of manual without hyperrefs or index
Result: ERROR
    Re-running with no redirection of stdout/stderr.
Flavor: r-devel-windows-x86_64-gcc10-UCRT