CRAN Package Check Results for Package SDD

Last updated on 2021-09-21 04:55:35 CEST.

Flavor Version Tinstall Tcheck Ttotal Status Flags
r-devel-linux-x86_64-debian-clang 1.2 12.97 110.87 123.84 NOTE
r-devel-linux-x86_64-debian-gcc 1.2 10.09 83.04 93.13 NOTE
r-devel-linux-x86_64-fedora-clang 1.2 155.42 NOTE
r-devel-linux-x86_64-fedora-gcc 1.2 139.82 NOTE
r-devel-windows-x86_64 1.2 12.00 95.00 107.00 NOTE
r-devel-windows-x86_64-gcc10-UCRT 1.2 ERROR
r-patched-linux-x86_64 1.2 10.56 104.45 115.01 NOTE
r-patched-solaris-x86 1.2 206.10 NOTE
r-release-linux-x86_64 1.2 11.95 104.26 116.21 NOTE
r-release-macos-arm64 1.2 NOTE
r-release-macos-x86_64 1.2 NOTE
r-release-windows-ix86+x86_64 1.2 30.00 144.00 174.00 NOTE
r-oldrel-macos-x86_64 1.2 NOTE
r-oldrel-windows-ix86+x86_64 1.2 30.00 130.00 160.00 NOTE

Check Details

Version: 1.2
Check: R code for possible problems
Result: NOTE
    .ACF.compute: no visible global function definition for 'pnorm'
    .ACF.compute: no visible global function definition for 'qnorm'
    .ACF.compute: no visible global function definition for 'pchisq'
    .ACF.plot: no visible global function definition for 'abline'
    .ADF.compute: no visible global function definition for 'qnorm'
    .ADF.compute: no visible global function definition for 'chisq.test'
    .ADF.compute: no visible global function definition for 'qchisq'
    .ADF.compute: no visible global function definition for 'pchisq'
    .ADF.plot: no visible global function definition for 'abline'
    .CADF.plot: no visible global function definition for 'points'
    .DeltaADF.plot: no visible global function definition for 'abline'
    .RPADF.compute: no visible global function definition for 'pchisq'
    .RPADF.compute: no visible global function definition for 'qchisq'
    .RPADF.plot: no visible global function definition for 'abline'
    .RPADF.plot: no visible global function definition for 'rect'
    .fmin: no visible global function definition for 'optimize'
    .fobj: no visible global function definition for 'pchisq'
    .gen.plot: no visible global function definition for 'axis'
    .gen.plot: no visible global function definition for 'box'
    .gen.plot: no visible global function definition for 'abline'
    .lcv: no visible global function definition for 'bw.nrd0'
    .lcv: no visible global function definition for 'nlm'
    ADF: no visible binding for global variable 'p.adjust.methods'
    ADF: no visible global function definition for 'p.adjust'
    Undefined global functions or variables:
     abline axis box bw.nrd0 chisq.test nlm optimize p.adjust
     p.adjust.methods pchisq pnorm points qchisq qnorm rect
    Consider adding
     importFrom("graphics", "abline", "axis", "box", "points", "rect")
     importFrom("stats", "bw.nrd0", "chisq.test", "nlm", "optimize",
     "p.adjust", "p.adjust.methods", "pchisq", "pnorm", "qchisq",
     "qnorm")
    to your NAMESPACE file.
Flavors: r-devel-linux-x86_64-debian-clang, r-devel-linux-x86_64-debian-gcc, r-devel-linux-x86_64-fedora-clang, r-devel-linux-x86_64-fedora-gcc, r-devel-windows-x86_64, r-devel-windows-x86_64-gcc10-UCRT, r-patched-linux-x86_64, r-patched-solaris-x86, r-release-linux-x86_64, r-release-macos-arm64, r-release-macos-x86_64, r-release-windows-ix86+x86_64, r-oldrel-macos-x86_64, r-oldrel-windows-ix86+x86_64

Version: 1.2
Check: whether package can be installed
Result: WARN
    Found the following significant warnings:
     WARNING: installation-time patches will not be applied, could not get the patches index
Flavor: r-devel-windows-x86_64-gcc10-UCRT

Version: 1.2
Check: PDF version of manual
Result: WARN
    LaTeX errors when creating PDF version.
    This typically indicates Rd problems.
Flavor: r-devel-windows-x86_64-gcc10-UCRT

Version: 1.2
Check: PDF version of manual without hyperrefs or index
Result: ERROR
    Re-running with no redirection of stdout/stderr.
Flavor: r-devel-windows-x86_64-gcc10-UCRT