CRAN Package Check Results for Package SBMSplitMerge

Last updated on 2022-07-07 05:56:12 CEST.

Flavor Version Tinstall Tcheck Ttotal Status Flags
r-devel-linux-x86_64-debian-clang 1.1.1 8.34 137.92 146.26 OK
r-devel-linux-x86_64-debian-gcc 1.1.1 6.95 100.58 107.53 NOTE
r-devel-linux-x86_64-fedora-clang 1.1.1 179.03 OK
r-devel-linux-x86_64-fedora-gcc 1.1.1 175.44 OK
r-devel-windows-x86_64 1.1.1 91.00 172.00 263.00 NOTE
r-patched-linux-x86_64 1.1.1 7.56 127.54 135.10 OK
r-release-linux-x86_64 1.1.1 8.16 127.44 135.60 OK
r-release-macos-arm64 1.1.1 58.00 OK
r-release-macos-x86_64 1.1.1 98.00 OK
r-release-windows-x86_64 1.1.1 107.00 183.00 290.00 OK
r-oldrel-macos-arm64 1.1.1 79.00 OK
r-oldrel-macos-x86_64 1.1.1 84.00 OK
r-oldrel-windows-ix86+x86_64 1.1.1 19.00 158.00 177.00 OK

Check Details

Version: 1.1.1
Check: package subdirectories
Result: NOTE
    Problems with news in ‘NEWS.md’:
     Cannot extract version info from the following section titles:
     Updated help pages with examples
     Updated conjugate model sampler
Flavors: r-devel-linux-x86_64-debian-gcc, r-devel-windows-x86_64