CRAN Package Check Results for Package SASxport

Last updated on 2022-01-29 00:48:54 CET.

Flavor Version Tinstall Tcheck Ttotal Status Flags
r-devel-linux-x86_64-debian-clang 1.7.0 15.02 196.19 211.21 OK
r-devel-linux-x86_64-debian-gcc 1.7.0 8.91 145.63 154.54 WARN
r-devel-linux-x86_64-fedora-clang 1.7.0 232.56 OK
r-devel-linux-x86_64-fedora-gcc 1.7.0 237.18 OK
r-devel-windows-x86_64-new-UL 1.7.0 56.00 219.00 275.00 OK
r-devel-windows-x86_64-new-TK 1.7.0 OK
r-patched-linux-x86_64 1.7.0 11.46 165.67 177.13 OK
r-release-linux-x86_64 1.7.0 8.35 167.58 175.93 OK
r-release-macos-arm64 1.7.0 OK
r-release-macos-x86_64 1.7.0 OK
r-release-windows-ix86+x86_64 1.7.0 35.00 315.00 350.00 OK
r-oldrel-macos-x86_64 1.7.0 OK
r-oldrel-windows-ix86+x86_64 1.7.0 36.00 321.00 357.00 OK

Check Details

Version: 1.7.0
Check: whether package can be installed
Result: WARN
    Found the following significant warnings:
     to_bigend.c:71:11: warning: array subscript ‘long int[0]’ is partly outside array bounds of ‘unsigned char[4]’ [-Warray-bounds]
Flavor: r-devel-linux-x86_64-debian-gcc