CRAN Package Check Results for Package RxCEcolInf

Last updated on 2022-07-04 05:50:16 CEST.

Flavor Version Tinstall Tcheck Ttotal Status Flags
r-devel-linux-x86_64-debian-clang 0.1-5 23.25 90.90 114.15 NOTE
r-devel-linux-x86_64-debian-gcc 0.1-5 16.21 69.96 86.17 NOTE
r-devel-linux-x86_64-fedora-clang 0.1-5 144.58 NOTE
r-devel-linux-x86_64-fedora-gcc 0.1-5 144.25 NOTE
r-devel-windows-x86_64 0.1-5 38.00 118.00 156.00 NOTE
r-patched-linux-x86_64 0.1-5 20.04 85.58 105.62 OK
r-release-linux-x86_64 0.1-5 17.22 86.54 103.76 OK
r-release-macos-arm64 0.1-5 49.00 OK
r-release-macos-x86_64 0.1-5 56.00 OK
r-release-windows-x86_64 0.1-5 37.00 114.00 151.00 OK
r-oldrel-macos-arm64 0.1-5 71.00 OK
r-oldrel-macos-x86_64 0.1-5 85.00 OK
r-oldrel-windows-ix86+x86_64 0.1-5 51.00 136.00 187.00 OK

Check Details

Version: 0.1-5
Check: Rd files
Result: NOTE
    checkRd: (-1) Analyze.Rd:344: Escaped LaTeX specials: \&
    checkRd: (-1) Analyze.Rd:337: Escaped LaTeX specials: \&
    checkRd: (-1) AnalyzeWithExitPoll.Rd:285: Escaped LaTeX specials: \&
    checkRd: (-1) AnalyzeWithExitPoll.Rd:278: Escaped LaTeX specials: \&
    checkRd: (-1) RxCEcolInf-package.Rd:30: Escaped LaTeX specials: \&
    checkRd: (-1) RxCEcolInf-package.Rd:35: Escaped LaTeX specials: \&
    checkRd: (-1) Tune.Rd:206: Escaped LaTeX specials: \&
    checkRd: (-1) Tune.Rd:203: Escaped LaTeX specials: \&
    checkRd: (-1) TuneWithExitPoll.Rd:223: Escaped LaTeX specials: \&
    checkRd: (-1) TuneWithExitPoll.Rd:220: Escaped LaTeX specials: \&
    checkRd: (-1) gendata.ep.Rd:123: Escaped LaTeX specials: \&
    checkRd: (-1) gendata.ep.Rd:289: Escaped LaTeX specials: \&
    checkRd: (-1) gendata.ep.Rd:286: Escaped LaTeX specials: \&
Flavors: r-devel-linux-x86_64-debian-clang, r-devel-linux-x86_64-debian-gcc, r-devel-linux-x86_64-fedora-clang, r-devel-linux-x86_64-fedora-gcc, r-devel-windows-x86_64