CRAN Package Check Results for Package Rvcg

Last updated on 2021-10-19 16:50:46 CEST.

Flavor Version Tinstall Tcheck Ttotal Status Flags
r-devel-linux-x86_64-debian-clang 0.20.2 700.66 45.81 746.47 OK
r-devel-linux-x86_64-debian-gcc 0.20.2 568.71 42.42 611.13 OK
r-devel-linux-x86_64-fedora-clang 0.20.2 1232.09 NOTE
r-devel-linux-x86_64-fedora-gcc 0.20.2 1136.01 OK
r-devel-windows-x86_64 0.20.2 895.00 101.00 996.00 OK
r-devel-windows-x86_64-gcc10-UCRT 0.20.2 OK
r-patched-linux-x86_64 0.20.2 681.67 52.06 733.73 OK
r-patched-solaris-x86 0.20.2 775.40 OK
r-release-linux-x86_64 0.20.2 666.44 50.58 717.02 OK
r-release-macos-arm64 0.20.2 NOTE
r-release-macos-x86_64 0.20.2 NOTE
r-release-windows-ix86+x86_64 0.20.2 1316.00 138.00 1454.00 NOTE
r-oldrel-macos-x86_64 0.20.2 NOTE
r-oldrel-windows-ix86+x86_64 0.20.2 1818.00 133.00 1951.00 NOTE

Check Details

Version: 0.20.2
Check: installed package size
Result: NOTE
     installed size is 51.1Mb
     sub-directories of 1Mb or more:
     libs 49.9Mb
Flavors: r-devel-linux-x86_64-fedora-clang, r-release-macos-arm64, r-release-macos-x86_64, r-release-windows-ix86+x86_64, r-oldrel-macos-x86_64, r-oldrel-windows-ix86+x86_64