CRAN Package Check Results for Package RtD3

Last updated on 2021-10-20 16:50:49 CEST.

Flavor Version Tinstall Tcheck Ttotal Status Flags
r-devel-linux-x86_64-debian-clang 0.0.1 2.97 33.79 36.76 NOTE
r-devel-linux-x86_64-debian-gcc 0.0.1 2.32 25.76 28.08 NOTE
r-devel-linux-x86_64-fedora-clang 0.0.1 54.58 NOTE
r-devel-linux-x86_64-fedora-gcc 0.0.1 42.70 NOTE
r-devel-windows-x86_64 0.0.1 6.00 56.00 62.00 NOTE
r-devel-windows-x86_64-gcc10-UCRT 0.0.1 NOTE
r-patched-linux-x86_64 0.0.1 2.53 31.53 34.06 NOTE
r-patched-solaris-x86 0.0.1 70.30 NOTE
r-release-linux-x86_64 0.0.1 3.03 32.08 35.11 NOTE
r-release-macos-arm64 0.0.1 NOTE
r-release-macos-x86_64 0.0.1 NOTE
r-release-windows-ix86+x86_64 0.0.1 5.00 56.00 61.00 NOTE
r-oldrel-macos-x86_64 0.0.1 OK
r-oldrel-windows-ix86+x86_64 0.0.1 7.00 55.00 62.00 OK

Check Details

Version: 0.0.1
Check: LazyData
Result: NOTE
     'LazyData' is specified without a 'data' directory
Flavors: r-devel-linux-x86_64-debian-clang, r-devel-linux-x86_64-debian-gcc, r-devel-linux-x86_64-fedora-clang, r-devel-linux-x86_64-fedora-gcc, r-devel-windows-x86_64, r-devel-windows-x86_64-gcc10-UCRT, r-patched-linux-x86_64, r-patched-solaris-x86, r-release-linux-x86_64, r-release-macos-arm64, r-release-macos-x86_64, r-release-windows-ix86+x86_64