CRAN Package Check Results for Package Rsymphony

Last updated on 2021-09-21 04:55:34 CEST.

Flavor Version Tinstall Tcheck Ttotal Status Flags
r-devel-linux-x86_64-debian-clang 0.1-31 3.41 23.33 26.74 OK
r-devel-linux-x86_64-debian-gcc 0.1-31 2.22 18.57 20.79 OK
r-devel-linux-x86_64-fedora-clang 0.1-31 43.28 NOTE
r-devel-linux-x86_64-fedora-gcc 0.1-31 32.01 OK
r-devel-windows-x86_64 0.1-31 7.00 42.00 49.00 OK
r-devel-windows-x86_64-gcc10-UCRT 0.1-31 ERROR
r-patched-linux-x86_64 0.1-31 2.76 22.75 25.51 OK
r-release-linux-x86_64 0.1-31 2.69 22.81 25.50 OK
r-release-macos-arm64 0.1-31 OK
r-release-macos-x86_64 0.1-31 OK
r-release-windows-ix86+x86_64 0.1-31 13.00 85.00 98.00 NOTE
r-oldrel-macos-x86_64 0.1-31 OK
r-oldrel-windows-ix86+x86_64 0.1-31 10.00 63.00 73.00 NOTE

Check Details

Version: 0.1-31
Check: Rd cross-references
Result: NOTE
    Undeclared packages ‘lpSolve’, ‘Rglpk’ in Rd xrefs
Flavor: r-devel-linux-x86_64-fedora-clang

Version: 0.1-31
Check: whether package can be installed
Result: ERROR
    Installation failed.
Flavor: r-devel-windows-x86_64-gcc10-UCRT

Version: 0.1-31
Check: installed package size
Result: NOTE
     installed size is 9.3Mb
     sub-directories of 1Mb or more:
     libs 9.2Mb
Flavors: r-release-windows-ix86+x86_64, r-oldrel-windows-ix86+x86_64