CRAN Package Check Results for Package Rspotify

Last updated on 2022-07-03 05:50:00 CEST.

Flavor Version Tinstall Tcheck Ttotal Status Flags
r-devel-linux-x86_64-debian-clang 0.1.2 2.58 22.86 25.44 NOTE
r-devel-linux-x86_64-debian-gcc 0.1.2 1.70 18.08 19.78 NOTE
r-devel-linux-x86_64-fedora-clang 0.1.2 42.07 NOTE
r-devel-linux-x86_64-fedora-gcc 0.1.2 40.60 NOTE
r-devel-windows-x86_64 0.1.2 13.00 47.00 60.00 NOTE
r-patched-linux-x86_64 0.1.2 2.43 22.32 24.75 NOTE
r-release-linux-x86_64 0.1.2 2.44 22.67 25.11 NOTE
r-release-macos-arm64 0.1.2 15.00 NOTE
r-release-macos-x86_64 0.1.2 25.00 NOTE
r-release-windows-x86_64 0.1.2 18.00 49.00 67.00 NOTE
r-oldrel-macos-arm64 0.1.2 19.00 NOTE
r-oldrel-macos-x86_64 0.1.2 21.00 NOTE
r-oldrel-windows-ix86+x86_64 0.1.2 6.00 41.00 47.00 NOTE

Check Details

Version: 0.1.2
Check: LazyData
Result: NOTE
     'LazyData' is specified without a 'data' directory
Flavors: r-devel-linux-x86_64-debian-clang, r-devel-linux-x86_64-debian-gcc, r-devel-linux-x86_64-fedora-clang, r-devel-linux-x86_64-fedora-gcc, r-devel-windows-x86_64, r-patched-linux-x86_64, r-release-linux-x86_64, r-release-macos-arm64, r-release-macos-x86_64, r-release-windows-x86_64, r-oldrel-macos-arm64, r-oldrel-macos-x86_64, r-oldrel-windows-ix86+x86_64

Version: 0.1.2
Check: dependencies in R code
Result: NOTE
    Namespace in Imports field not imported from: ‘magrittr’
     All declared Imports should be used.
Flavors: r-devel-linux-x86_64-fedora-clang, r-devel-linux-x86_64-fedora-gcc, r-release-macos-arm64, r-release-macos-x86_64, r-oldrel-macos-arm64, r-oldrel-macos-x86_64