CRAN Package Check Results for Package RsimMosaic

Last updated on 2021-09-23 04:56:44 CEST.

Flavor Version Tinstall Tcheck Ttotal Status Flags
r-devel-linux-x86_64-debian-clang 1.0.3 2.94 38.44 41.38 OK
r-devel-linux-x86_64-debian-gcc 1.0.3 2.04 29.34 31.38 OK
r-devel-linux-x86_64-fedora-clang 1.0.3 58.08 OK
r-devel-linux-x86_64-fedora-gcc 1.0.3 47.49 OK
r-devel-windows-x86_64 1.0.3 4.00 44.00 48.00 OK
r-devel-windows-x86_64-gcc10-UCRT 1.0.3 ERROR
r-patched-linux-x86_64 1.0.3 8.09 36.52 44.61 OK
r-patched-solaris-x86 1.0.3 78.70 OK
r-release-linux-x86_64 1.0.3 2.68 36.13 38.81 OK
r-release-macos-arm64 1.0.3 OK
r-release-macos-x86_64 1.0.3 OK
r-release-windows-ix86+x86_64 1.0.3 7.00 61.00 68.00 OK
r-oldrel-macos-x86_64 1.0.3 OK
r-oldrel-windows-ix86+x86_64 1.0.3 5.00 42.00 47.00 OK

Check Details

Version: 1.0.3
Check: package dependencies
Result: ERROR
    Package required but not available: 'jpeg'
    
    See section 'The DESCRIPTION file' in the 'Writing R Extensions'
    manual.
Flavor: r-devel-windows-x86_64-gcc10-UCRT