CRAN Package Check Results for Package RoughSets

Last updated on 2021-09-23 04:56:43 CEST.

Flavor Version Tinstall Tcheck Ttotal Status Flags
r-devel-linux-x86_64-debian-clang 1.3-7 34.38 71.92 106.30 OK
r-devel-linux-x86_64-debian-gcc 1.3-7 21.41 53.71 75.12 OK
r-devel-linux-x86_64-fedora-clang 1.3-7 148.07 OK
r-devel-linux-x86_64-fedora-gcc 1.3-7 127.27 OK
r-devel-windows-x86_64 1.3-7 35.00 76.00 111.00 OK
r-devel-windows-x86_64-gcc10-UCRT 1.3-7 ERROR
r-patched-linux-x86_64 1.3-7 29.26 68.56 97.82 OK
r-patched-solaris-x86 1.3-7 143.50 OK
r-release-linux-x86_64 1.3-7 26.29 68.56 94.85 OK
r-release-macos-arm64 1.3-7 OK
r-release-macos-x86_64 1.3-7 OK
r-release-windows-ix86+x86_64 1.3-7 78.00 130.00 208.00 OK
r-oldrel-macos-x86_64 1.3-7 OK
r-oldrel-windows-ix86+x86_64 1.3-7 53.00 99.00 152.00 OK

Check Details

Version: 1.3-7
Check: whether package can be installed
Result: ERROR
    Installation failed.
Flavor: r-devel-windows-x86_64-gcc10-UCRT