CRAN Package Check Results for Package Rothermel

Last updated on 2021-10-28 05:50:40 CEST.

Flavor Version Tinstall Tcheck Ttotal Status Flags
r-devel-linux-x86_64-debian-clang 1.2 13.35 141.93 155.28 NOTE
r-devel-linux-x86_64-debian-gcc 1.2 11.13 106.48 117.61 NOTE
r-devel-linux-x86_64-fedora-clang 1.2 196.99 NOTE
r-devel-linux-x86_64-fedora-gcc 1.2 181.49 NOTE
r-devel-windows-x86_64 1.2 22.00 176.00 198.00 NOTE
r-devel-windows-x86_64-gcc10-UCRT 1.2 NOTE
r-patched-linux-x86_64 1.2 19.63 133.86 153.49 NOTE
r-patched-solaris-x86 1.2 269.80 NOTE
r-release-linux-x86_64 1.2 14.90 132.92 147.82 NOTE
r-release-macos-arm64 1.2 NOTE
r-release-macos-x86_64 1.2 NOTE
r-release-windows-ix86+x86_64 1.2 27.00 125.00 152.00 NOTE
r-oldrel-macos-x86_64 1.2 NOTE
r-oldrel-windows-ix86+x86_64 1.2 25.00 165.00 190.00 NOTE

Check Details

Version: 1.2
Check: R code for possible problems
Result: NOTE
    bestFM: no visible global function definition for 'data'
    gaRoth: no visible global function definition for 'data'
    ros: no visible global function definition for 'na.omit'
    rosunc: no visible global function definition for 'rnorm'
    Undefined global functions or variables:
     data na.omit rnorm
    Consider adding
     importFrom("stats", "na.omit", "rnorm")
     importFrom("utils", "data")
    to your NAMESPACE file.
Flavors: r-devel-linux-x86_64-debian-clang, r-devel-linux-x86_64-debian-gcc, r-devel-linux-x86_64-fedora-clang, r-devel-linux-x86_64-fedora-gcc, r-devel-windows-x86_64, r-devel-windows-x86_64-gcc10-UCRT, r-patched-linux-x86_64, r-patched-solaris-x86, r-release-linux-x86_64, r-release-macos-arm64, r-release-macos-x86_64, r-release-windows-ix86+x86_64, r-oldrel-macos-x86_64, r-oldrel-windows-ix86+x86_64