CRAN Package Check Results for Package RobustGaSP

Last updated on 2023-02-04 17:52:41 CET.

Flavor Version Tinstall Tcheck Ttotal Status Flags
r-devel-linux-x86_64-debian-clang 0.6.5 68.08 70.18 138.26 OK
r-devel-linux-x86_64-debian-gcc 0.6.5 64.82 51.12 115.94 WARN
r-devel-linux-x86_64-fedora-clang 0.6.5 173.27 OK
r-devel-linux-x86_64-fedora-gcc 0.6.5 180.02 WARN
r-devel-windows-x86_64 0.6.5 121.00 141.00 262.00 WARN
r-patched-linux-x86_64 0.6.5 64.82 60.53 125.35 OK
r-release-linux-x86_64 0.6.5 54.04 60.04 114.08 OK
r-release-macos-arm64 0.6.5 50.00 NOTE
r-release-macos-x86_64 0.6.5 67.00 NOTE
r-release-windows-x86_64 0.6.5 129.00 143.00 272.00 OK
r-oldrel-macos-arm64 0.6.5 49.00 NOTE
r-oldrel-macos-x86_64 0.6.5 70.00 NOTE
r-oldrel-windows-ix86+x86_64 0.6.5 149.00 154.00 303.00 OK

Additional issues

gcc12

Check Details

Version: 0.6.5
Check: whether package can be installed
Result: WARN
    Found the following significant warnings:
     /usr/lib/gcc/x86_64-linux-gnu/12/include/emmintrin.h:131:24: warning: array subscript ‘__m128d_u[0]’ is partly outside array bounds of ‘Eigen::internal::plain_matrix_type<Eigen::Product<Eigen::Block<Eigen::Matrix<double, -1, -1>, 1, -1, false>, Eigen::Transpose<Eigen::Block<Eigen::Matrix<double, -1, -1>, 1, -1, false> >, 0>, Eigen::Dense>::type [1]’ {aka ‘Eigen::Matrix<double, 1, 1, 0, 1, 1> [1]’} [-Warray-bounds]
    See ‘/home/hornik/tmp/R.check/r-devel-gcc/Work/PKGS/RobustGaSP.Rcheck/00install.out’ for details.
    * used C compiler: ‘gcc-12 (Debian 12.2.0-14) 12.2.0’
    * used C++ compiler: ‘g++-12 (Debian 12.2.0-14) 12.2.0’
Flavor: r-devel-linux-x86_64-debian-gcc

Version: 0.6.5
Check: whether package can be installed
Result: WARN
    Found the following significant warnings:
     /usr/lib/gcc/x86_64-redhat-linux/12/include/emmintrin.h:131:24: warning: array subscript ‘__m128d_u[0]’ is partly outside array bounds of ‘Eigen::internal::plain_matrix_type<Eigen::Product<Eigen::Block<Eigen::Matrix<double, -1, -1>, 1, -1, false>, Eigen::Transpose<Eigen::Block<Eigen::Matrix<double, -1, -1>, 1, -1, false> >, 0>, Eigen::Dense>::type [1]’ {aka ‘Eigen::Matrix<double, 1, 1, 0, 1, 1> [1]’} [-Warray-bounds]
    See ‘/data/gannet/ripley/R/packages/tests-devel/RobustGaSP.Rcheck/00install.out’ for details.
    * used C compiler: ‘gcc (GCC) 12.2.1 20221121 (Red Hat 12.2.1-4)’
    * used C++ compiler: ‘g++ (GCC) 12.2.1 20221121 (Red Hat 12.2.1-4)’
Flavor: r-devel-linux-x86_64-fedora-gcc

Version: 0.6.5
Check: whether package can be installed
Result: WARN
    Found the following significant warnings:
     d:\rtools43\x86_64-w64-mingw32.static.posix\lib\gcc\x86_64-w64-mingw32.static.posix\12.2.0\include\emmintrin.h:131:24: warning: array subscript '__m128d_u[0]' is partly outside array bounds of 'Eigen::internal::plain_matrix_type<Eigen::Product<Eigen::Block<Eigen::Matrix<double, -1, -1>, 1, -1, false>, Eigen::Transpose<Eigen::Block<Eigen::Matrix<double, -1, -1>, 1, -1, false> >, 0>, Eigen::Dense>::type [1]' {aka 'Eigen::Matrix<double, 1, 1, 0, 1, 1> [1]'} [-Warray-bounds]
    See 'd:/Rcompile/CRANpkg/local/4.3/RobustGaSP.Rcheck/00install.out' for details.
    * used C compiler: 'gcc.exe (GCC) 12.2.0'
    * used C++ compiler: 'g++.exe (GCC) 12.2.0'
Flavor: r-devel-windows-x86_64

Version: 0.6.5
Check: installed package size
Result: NOTE
     installed size is 29.4Mb
     sub-directories of 1Mb or more:
     libs 28.8Mb
Flavors: r-release-macos-arm64, r-release-macos-x86_64, r-oldrel-macos-arm64, r-oldrel-macos-x86_64