CRAN Package Check Results for Package RobustGaSP

Last updated on 2021-09-21 16:51:47 CEST.

Flavor Version Tinstall Tcheck Ttotal Status Flags
r-devel-linux-x86_64-debian-clang 0.6.3 73.16 60.60 133.76 OK
r-devel-linux-x86_64-debian-gcc 0.6.3 57.99 44.60 102.59 OK
r-devel-linux-x86_64-fedora-clang 0.6.3 190.38 NOTE
r-devel-linux-x86_64-fedora-gcc 0.6.3 176.39 OK
r-devel-windows-x86_64 0.6.3 57.00 73.00 130.00 OK
r-devel-windows-x86_64-gcc10-UCRT 0.6.3 ERROR
r-patched-linux-x86_64 0.6.3 66.07 57.17 123.24 OK
r-patched-solaris-x86 0.6.3 168.80 OK
r-release-linux-x86_64 0.6.3 64.21 56.51 120.72 OK
r-release-macos-arm64 0.6.3 NOTE
r-release-macos-x86_64 0.6.3 NOTE
r-release-windows-ix86+x86_64 0.6.3 147.00 146.00 293.00 OK
r-oldrel-macos-x86_64 0.6.3 NOTE
r-oldrel-windows-ix86+x86_64 0.6.3 144.00 110.00 254.00 OK

Check Details

Version: 0.6.3
Check: installed package size
Result: NOTE
     installed size is 25.8Mb
     sub-directories of 1Mb or more:
     libs 25.2Mb
Flavors: r-devel-linux-x86_64-fedora-clang, r-release-macos-arm64, r-release-macos-x86_64, r-oldrel-macos-x86_64

Version: 0.6.3
Check: whether package can be installed
Result: ERROR
    Installation failed.
Flavor: r-devel-windows-x86_64-gcc10-UCRT