CRAN Package Check Results for Package RobStatTM

Last updated on 2021-12-06 23:50:59 CET.

Flavor Version Tinstall Tcheck Ttotal Status Flags
r-devel-linux-x86_64-debian-clang 1.0.3 11.06 79.34 90.40 OK
r-devel-linux-x86_64-debian-gcc 1.0.3 10.40 59.02 69.42 OK
r-devel-linux-x86_64-fedora-clang 1.0.3 113.37 NOTE
r-devel-linux-x86_64-fedora-gcc 1.0.3 101.62 NOTE
r-devel-windows-x86_64-new-UL 1.0.3 37.00 119.00 156.00 OK
r-devel-windows-x86_64-new-TK 1.0.3 NOTE
r-devel-windows-x86_64-old 1.0.3 24.00 94.00 118.00 OK
r-patched-linux-x86_64 1.0.3 14.02 68.32 82.34 OK
r-release-linux-x86_64 1.0.3 13.47 76.79 90.26 OK
r-release-macos-arm64 1.0.3 NOTE
r-release-macos-x86_64 1.0.3 NOTE
r-release-windows-ix86+x86_64 1.0.3 24.00 97.00 121.00 OK
r-oldrel-macos-x86_64 1.0.3 NOTE
r-oldrel-windows-ix86+x86_64 1.0.2 32.00 131.00 163.00 OK

Check Details

Version: 1.0.3
Check: dependencies in R code
Result: NOTE
    Namespaces in Imports field not imported from:
     ‘graphics’ ‘methods’ ‘utils’
     All declared Imports should be used.
Flavors: r-devel-linux-x86_64-fedora-clang, r-devel-linux-x86_64-fedora-gcc, r-devel-windows-x86_64-new-TK, r-release-macos-arm64, r-release-macos-x86_64, r-oldrel-macos-x86_64