CRAN Package Check Results for Package RobExtremes

Last updated on 2021-09-19 16:49:22 CEST.

Flavor Version Tinstall Tcheck Ttotal Status Flags
r-devel-linux-x86_64-debian-clang 1.2.0 41.83 166.18 208.01 OK
r-devel-linux-x86_64-debian-gcc 1.2.0 34.03 125.83 159.86 OK
r-devel-linux-x86_64-fedora-clang 1.2.0 261.87 OK
r-devel-linux-x86_64-fedora-gcc 1.2.0 264.90 OK
r-devel-windows-x86_64 1.2.0 45.00 152.00 197.00 OK
r-devel-windows-x86_64-gcc10-UCRT 1.2.0 ERROR
r-patched-linux-x86_64 1.2.0 46.46 158.44 204.90 OK
r-patched-solaris-x86 1.2.0 352.40 OK
r-release-linux-x86_64 1.2.0 37.63 158.00 195.63 OK
r-release-macos-arm64 1.2.0 OK
r-release-macos-x86_64 1.2.0 OK
r-release-windows-ix86+x86_64 1.2.0 73.00 271.00 344.00 OK
r-oldrel-macos-x86_64 1.2.0 OK
r-oldrel-windows-ix86+x86_64 1.2.0 76.00 201.00 277.00 OK

Check Details

Version: 1.2.0
Check: whether package can be installed
Result: ERROR
    Installation failed.
Flavor: r-devel-windows-x86_64-gcc10-UCRT