CRAN Package Check Results for Package RmecabKo

Last updated on 2021-07-26 19:49:35 CEST.

Flavor Version Tinstall Tcheck Ttotal Status Flags
r-devel-linux-x86_64-debian-clang 0.1.6.2 36.09 28.40 64.49 NOTE
r-devel-linux-x86_64-debian-gcc 0.1.6.2 23.52 22.79 46.31 NOTE
r-devel-linux-x86_64-fedora-clang 0.1.6.2 101.39 NOTE
r-devel-linux-x86_64-fedora-gcc 0.1.6.2 81.68 NOTE
r-devel-windows-x86_64 0.1.6.2 43.00 58.00 101.00 NOTE
r-devel-windows-x86_64-gcc10-UCRT 0.1.6.2 NOTE
r-patched-linux-x86_64 0.1.6.2 28.25 27.79 56.04 NOTE
r-release-linux-x86_64 0.1.6.2 29.22 27.69 56.91 NOTE
r-release-macos-arm64 0.1.6.2 ERROR
r-release-macos-x86_64 0.1.6.2 ERROR
r-release-windows-ix86+x86_64 0.1.6.2 81.00 65.00 146.00 NOTE
r-oldrel-macos-x86_64 0.1.6.2 ERROR
r-oldrel-windows-ix86+x86_64 0.1.6.2 61.00 76.00 137.00 OK

Check Details

Version: 0.1.6.2
Check: LazyData
Result: NOTE
     'LazyData' is specified without a 'data' directory
Flavors: r-devel-linux-x86_64-debian-clang, r-devel-linux-x86_64-debian-gcc, r-devel-linux-x86_64-fedora-clang, r-devel-linux-x86_64-fedora-gcc, r-devel-windows-x86_64, r-devel-windows-x86_64-gcc10-UCRT, r-patched-linux-x86_64, r-release-linux-x86_64, r-release-windows-ix86+x86_64

Version: 0.1.6.2
Check: whether package can be installed
Result: ERROR
    Installation failed.
Flavors: r-release-macos-arm64, r-release-macos-x86_64, r-oldrel-macos-x86_64