CRAN Package Check Results for Package Riemann

Last updated on 2024-06-18 05:57:46 CEST.

Flavor Version Tinstall Tcheck Ttotal Status Flags
r-devel-linux-x86_64-debian-clang 0.1.4 347.75 241.64 589.39 NOTE
r-devel-linux-x86_64-debian-gcc 0.1.4 236.21 175.76 411.97 NOTE
r-devel-linux-x86_64-fedora-clang 0.1.4 808.57 NOTE
r-devel-linux-x86_64-fedora-gcc 0.1.4 852.14 NOTE
r-devel-windows-x86_64 0.1.4 255.00 222.00 477.00 NOTE
r-patched-linux-x86_64 0.1.4 264.01 239.07 503.08 NOTE
r-release-linux-x86_64 0.1.4 276.14 229.79 505.93 NOTE
r-release-macos-arm64 0.1.4 164.00 NOTE
r-release-macos-x86_64 0.1.4 212.00 NOTE
r-release-windows-x86_64 0.1.4 250.00 227.00 477.00 NOTE
r-oldrel-macos-arm64 0.1.4 200.00 NOTE
r-oldrel-macos-x86_64 0.1.4 341.00 NOTE
r-oldrel-windows-x86_64 0.1.4 310.00 289.00 599.00 NOTE

Check Details

Version: 0.1.4
Check: C++ specification
Result: NOTE Specified C++11: please drop specification unless essential Flavors: r-devel-linux-x86_64-debian-clang, r-devel-linux-x86_64-debian-gcc, r-devel-linux-x86_64-fedora-clang, r-devel-linux-x86_64-fedora-gcc, r-devel-windows-x86_64, r-patched-linux-x86_64, r-release-linux-x86_64, r-release-macos-arm64, r-release-macos-x86_64, r-release-windows-x86_64, r-oldrel-macos-arm64, r-oldrel-macos-x86_64, r-oldrel-windows-x86_64

Version: 0.1.4
Check: Rd files
Result: NOTE checkRd: (-1) acg.Rd:72: Escaped LaTeX specials: \& checkRd: (-1) gorilla.Rd:41: Escaped LaTeX specials: \& checkRd: (-1) grassmann.utest.Rd:63: Escaped LaTeX specials: \& checkRd: (-1) macg.Rd:71: Escaped LaTeX specials: \& checkRd: (-1) sphere.utest.Rd:47: Escaped LaTeX specials: \& checkRd: (-1) stiefel.utest.Rd:64: Escaped LaTeX specials: \& checkRd: (-1) wrap.landmark.Rd:41: Escaped LaTeX specials: \& Flavors: r-devel-linux-x86_64-debian-clang, r-devel-linux-x86_64-debian-gcc, r-devel-linux-x86_64-fedora-clang, r-devel-linux-x86_64-fedora-gcc, r-devel-windows-x86_64, r-patched-linux-x86_64, r-release-linux-x86_64, r-release-macos-arm64, r-release-macos-x86_64, r-release-windows-x86_64, r-oldrel-macos-arm64, r-oldrel-macos-x86_64, r-oldrel-windows-x86_64

Version: 0.1.4
Check: installed package size
Result: NOTE installed size is 17.8Mb sub-directories of 1Mb or more: data 1.6Mb libs 15.4Mb Flavors: r-release-macos-arm64, r-release-macos-x86_64, r-oldrel-macos-arm64, r-oldrel-macos-x86_64