CRAN Package Check Results for Package Riemann

Last updated on 2021-07-24 07:49:37 CEST.

Flavor Version Tinstall Tcheck Ttotal Status Flags
r-devel-linux-x86_64-debian-clang 0.1.3 322.74 220.38 543.12 OK
r-devel-linux-x86_64-debian-gcc 0.1.3 221.20 163.96 385.16 OK
r-devel-linux-x86_64-fedora-clang 0.1.3 743.43 NOTE
r-devel-linux-x86_64-fedora-gcc 0.1.3 690.33 NOTE
r-devel-windows-x86_64 0.1.3 226.00 220.00 446.00 OK
r-devel-windows-x86_64-gcc10-UCRT 0.1.3 NOTE
r-patched-linux-x86_64 0.1.3 162.42 213.81 376.23 OK
r-patched-solaris-x86 0.1.3 628.80 NOTE
r-release-linux-x86_64 0.1.3 162.16 216.13 378.29 OK
r-release-macos-arm64 0.1.3 NOTE
r-release-macos-x86_64 0.1.3 NOTE
r-release-windows-ix86+x86_64 0.1.3 643.00 394.00 1037.00 NOTE
r-oldrel-macos-x86_64 0.1.3 NOTE
r-oldrel-windows-ix86+x86_64 0.1.3 605.00 408.00 1013.00 NOTE

Check Details

Version: 0.1.3
Check: installed package size
Result: NOTE
     installed size is 17.3Mb
     sub-directories of 1Mb or more:
     libs 15.6Mb
Flavors: r-devel-linux-x86_64-fedora-clang, r-release-macos-arm64, r-release-macos-x86_64, r-release-windows-ix86+x86_64, r-oldrel-macos-x86_64, r-oldrel-windows-ix86+x86_64

Version: 0.1.3
Check: dependencies in R code
Result: NOTE
    Namespace in Imports field not imported from: ‘ggrepel’
     All declared Imports should be used.
Flavors: r-devel-linux-x86_64-fedora-clang, r-devel-linux-x86_64-fedora-gcc, r-devel-windows-x86_64-gcc10-UCRT, r-patched-solaris-x86, r-release-macos-arm64, r-release-macos-x86_64, r-oldrel-macos-x86_64

Version: 0.1.3
Check: Rd cross-references
Result: NOTE
    Undeclared packages ‘dtw’, ‘fastcluster’, ‘Rtsne’ in Rd xrefs
Flavor: r-devel-linux-x86_64-fedora-clang