CRAN Package Check Results for Package Rga4gh

Last updated on 2022-06-30 17:49:54 CEST.

Flavor Version Tinstall Tcheck Ttotal Status Flags
r-devel-linux-x86_64-debian-clang 0.1.1 2.69 27.63 30.32 NOTE
r-devel-linux-x86_64-debian-gcc 0.1.1 2.08 21.34 23.42 NOTE
r-devel-linux-x86_64-fedora-clang 0.1.1 47.75 NOTE
r-devel-linux-x86_64-fedora-gcc 0.1.1 47.40 NOTE
r-devel-windows-x86_64 0.1.1 5.00 59.00 64.00 NOTE
r-patched-linux-x86_64 0.1.1 2.81 25.92 28.73 NOTE
r-release-linux-x86_64 0.1.1 2.65 26.54 29.19 NOTE
r-release-macos-arm64 0.1.1 20.00 NOTE
r-release-macos-x86_64 0.1.1 23.00 NOTE
r-release-windows-x86_64 0.1.1 18.00 58.00 76.00 NOTE
r-oldrel-macos-arm64 0.1.1 22.00 NOTE
r-oldrel-macos-x86_64 0.1.1 29.00 NOTE
r-oldrel-windows-ix86+x86_64 0.1.1 6.00 53.00 59.00 NOTE

Check Details

Version: 0.1.1
Check: LazyData
Result: NOTE
     'LazyData' is specified without a 'data' directory
Flavors: r-devel-linux-x86_64-debian-clang, r-devel-linux-x86_64-debian-gcc, r-devel-linux-x86_64-fedora-clang, r-devel-linux-x86_64-fedora-gcc, r-devel-windows-x86_64, r-patched-linux-x86_64, r-release-linux-x86_64, r-release-macos-arm64, r-release-macos-x86_64, r-release-windows-x86_64, r-oldrel-macos-arm64, r-oldrel-macos-x86_64, r-oldrel-windows-ix86+x86_64