CRAN Package Check Results for Package Rfast2

Last updated on 2021-10-22 16:50:48 CEST.

Flavor Version Tinstall Tcheck Ttotal Status Flags
r-devel-linux-x86_64-debian-clang 0.1.1 475.48 65.75 541.23 OK
r-devel-linux-x86_64-debian-gcc 0.1.1 355.80 49.33 405.13 OK
r-devel-linux-x86_64-fedora-clang 0.1.1 889.99 NOTE
r-devel-linux-x86_64-fedora-gcc 0.1.1 771.84 OK
r-devel-windows-x86_64 0.1.1 598.00 83.00 681.00 OK
r-devel-windows-x86_64-gcc10-UCRT 0.1.1 OK
r-patched-linux-x86_64 0.1.1 432.53 63.62 496.15 OK
r-patched-solaris-x86 0.1.1 572.60 OK
r-release-linux-x86_64 0.1.1 420.10 63.07 483.17 OK
r-release-macos-arm64 0.0.9 NOTE
r-release-macos-x86_64 0.1.1 NOTE
r-release-windows-ix86+x86_64 0.1.1 877.00 131.00 1008.00 NOTE
r-oldrel-macos-x86_64 0.1.1 NOTE
r-oldrel-windows-ix86+x86_64 0.1.1 860.00 101.00 961.00 NOTE

Check Details

Version: 0.1.1
Check: installed package size
Result: NOTE
     installed size is 23.7Mb
     sub-directories of 1Mb or more:
     libs 23.1Mb
Flavors: r-devel-linux-x86_64-fedora-clang, r-release-macos-x86_64, r-release-windows-ix86+x86_64, r-oldrel-macos-x86_64, r-oldrel-windows-ix86+x86_64

Version: 0.0.9
Check: installed package size
Result: NOTE
     installed size is 23.4Mb
     sub-directories of 1Mb or more:
     libs 22.8Mb
Flavor: r-release-macos-arm64

Version: 0.0.9
Check: LazyData
Result: NOTE
     'LazyData' is specified without a 'data' directory
Flavor: r-release-macos-arm64