CRAN Package Check Results for Package Rfast

Last updated on 2021-09-18 05:02:43 CEST.

Flavor Version Tinstall Tcheck Ttotal Status Flags
r-devel-linux-x86_64-debian-clang 2.0.3 1392.18 116.46 1508.64 OK
r-devel-linux-x86_64-debian-gcc 2.0.3 916.51 86.92 1003.43 OK
r-devel-linux-x86_64-fedora-clang 2.0.3 2157.90 NOTE
r-devel-linux-x86_64-fedora-gcc 2.0.3 1927.83 OK
r-devel-windows-x86_64 2.0.3 1193.00 152.00 1345.00 NOTE
r-devel-windows-x86_64-gcc10-UCRT 2.0.3 OK
r-patched-linux-x86_64 2.0.3 1094.45 112.83 1207.28 OK
r-patched-solaris-x86 2.0.3 1524.50 NOTE
r-release-linux-x86_64 2.0.3 1092.72 112.33 1205.05 OK
r-release-macos-arm64 2.0.3 NOTE
r-release-macos-x86_64 2.0.3 NOTE
r-release-windows-ix86+x86_64 2.0.3 3037.00 225.00 3262.00 NOTE
r-oldrel-macos-x86_64 2.0.3 NOTE
r-oldrel-windows-ix86+x86_64 2.0.3 3007.00 174.00 3181.00 NOTE

Check Details

Version: 2.0.3
Check: installed package size
Result: NOTE
     installed size is 50.2Mb
     sub-directories of 1Mb or more:
     libs 48.8Mb
Flavors: r-devel-linux-x86_64-fedora-clang, r-devel-windows-x86_64, r-patched-solaris-x86, r-release-macos-arm64, r-release-macos-x86_64, r-release-windows-ix86+x86_64, r-oldrel-macos-x86_64, r-oldrel-windows-ix86+x86_64